{"id":994,"date":"2016-03-07T08:38:07","date_gmt":"2016-03-07T08:38:07","guid":{"rendered":"http:\/\/www.spielmobil-konz.de\/?post_type=product&#038;p=994"},"modified":"2020-02-28T18:49:41","modified_gmt":"2020-02-28T17:49:41","slug":"bobby-car-parcours","status":"publish","type":"product","link":"https:\/\/www.spielmobil-konz.de\/?product=bobby-car-parcours","title":{"rendered":"Bobby Car Parcours"},"content":{"rendered":"<table style=\"width: 750px;\">\n<tbody>\n<tr>\n<td><span style=\"font-family: verdana,geneva,sans-serif; font-size: 14px;\">Equipment Set:<\/span><\/td>\n<td><span style=\"font-family: verdana,geneva,sans-serif; font-size: 14px;\">\u00a0800 XXL Bausteine<\/span><\/td>\n<td>&nbsp;<\/td>\n<\/tr>\n<tr>\n<td><span style=\"font-family: verdana,geneva,sans-serif; font-size: 14px;\">\u00a0<\/span><\/td>\n<td><span style=\"font-family: verdana,geneva,sans-serif; font-size: 14px;\">\u00a0Verkehrsschilder, Ampel<\/span><\/td>\n<td>&nbsp;<\/td>\n<\/tr>\n<tr>\n<td><span style=\"font-family: verdana,geneva,sans-serif; font-size: 14px;\">\u00a0<\/span><\/td>\n<td><span style=\"font-family: verdana,geneva,sans-serif; font-size: 14px;\">\u00a0Fuhrpark mit Bobby Cars<\/span><\/td>\n<td>&nbsp;<\/td>\n<\/tr>\n<tr>\n<td><span style=\"font-family: verdana,geneva,sans-serif; font-size: 14px;\">\u00a0<\/span><\/td>\n<td><span style=\"font-family: verdana,geneva,sans-serif; font-size: 14px;\">\u00a0Profipavillion<\/span><\/td>\n<td>&nbsp;<\/td>\n<\/tr>\n<tr>\n<td><span style=\"font-family: verdana,geneva,sans-serif; font-size: 14px;\">Platzbedarf:<\/span><\/td>\n<td><span style=\"font-family: verdana,geneva,sans-serif; font-size: 14px;\">\u00a0mind. 14 x 12 m (ebenerdiger fester Untergrundbelag)<\/span><\/td>\n<td>&nbsp;<\/td>\n<\/tr>\n<tr>\n<td><span style=\"font-family: verdana,geneva,sans-serif; font-size: 14px;\">Untergrund:<\/span><\/td>\n<td><span style=\"font-family: verdana,geneva,sans-serif; font-size: 14px;\">\u00a0saubere und ebenerdige Fl\u00e4che<\/span><\/td>\n<td>&nbsp;<\/td>\n<\/tr>\n<tr>\n<td style=\"vertical-align: top;\"><span style=\"font-family: verdana,geneva,sans-serif; font-size: 14px;\">Packma\u00df \/ Transport:<\/span><\/td>\n<td style=\"vertical-align: top;\"><span style=\"font-family: verdana,geneva,sans-serif; font-size: 14px;\">\u00a02 Europapalettenboxen (120 x 80 x 140), Flycases (160 x 80 x 60), <br \/>\n\u00a0(Transporter notwendig)<\/span><\/td>\n<td>&nbsp;<\/td>\n<\/tr>\n<tr>\n<td><span style=\"font-family: verdana,geneva,sans-serif; font-size: 14px;\">Zielgruppe:<\/span><\/td>\n<td><span style=\"font-family: verdana,geneva,sans-serif; font-size: 14px;\">\u00a0Kinder ab 3 Jahren<\/span><\/td>\n<td>&nbsp;<\/td>\n<\/tr>\n<tr>\n<td><span style=\"font-family: verdana,geneva,sans-serif; font-size: 14px;\">Anzahl Nutzer:<\/span><\/td>\n<td><span style=\"font-family: verdana,geneva,sans-serif; font-size: 14px;\">\u00a0bis zu 8 Kinder gleichzeitig<\/span><\/td>\n<td>&nbsp;<\/td>\n<\/tr>\n<tr>\n<td><span style=\"font-family: verdana,geneva,sans-serif; font-size: 14px;\">Personal:<\/span><\/td>\n<td><span style=\"font-family: verdana,geneva,sans-serif; font-size: 14px;\">\u00a0mind. 1 Betreuungsperson<\/span><\/td>\n<td>&nbsp;<\/td>\n<\/tr>\n<tr>\n<td><span style=\"font-family: verdana,geneva,sans-serif; font-size: 14px;\">Selbstbetreuung m\u00f6glich:<\/span><\/td>\n<td><span style=\"font-family: verdana,geneva,sans-serif; font-size: 14px;\">\u00a0ja, <br \/>\n<\/span><\/td>\n<td>&nbsp;<\/td>\n<\/tr>\n<tr>\n<td><span style=\"font-family: verdana,geneva,sans-serif; font-size: 14px;\">Serviceleistungen:<\/span><\/td>\n<td><span style=\"font-family: verdana,geneva,sans-serif; font-size: 14px;\">\u00a0Liefer-, Teil- und Fullservice durch das Spielmobil Konz buchbar<\/span><\/td>\n<td>&nbsp;<\/td>\n<\/tr>\n<tr>\n<td><span style=\"font-family: verdana,geneva,sans-serif; font-size: 14px;\">Strombedarf:<\/span><\/td>\n<td><span style=\"font-family: verdana,geneva,sans-serif; font-size: 14px;\">\u00a0nein<\/span><\/td>\n<td>&nbsp;<\/td>\n<\/tr>\n<tr>\n<td><span style=\"font-family: verdana,geneva,sans-serif; font-size: 14px;\">Wasserbedarf:<\/span><\/td>\n<td><span style=\"font-family: verdana,geneva,sans-serif; font-size: 14px;\">\u00a0nein<\/span><\/td>\n<td>&nbsp;<\/td>\n<\/tr>\n<\/tbody>\n<\/table>\n<p>&nbsp;<\/p>\n","protected":false},"excerpt":{"rendered":"<p><span style=\"font-family: verdana,geneva,sans-serif; font-size: 14px;\">Auf unserem Bobby Car Parcours geht es rasant zu.<\/span><\/p>\n<p><span style=\"font-family: verdana,geneva,sans-serif; font-size: 14px;\">Dabei ist unsere Rennstrecke mit 800 XXL Bausteinen frei gestaltbar. Und schon flitzen die allerkleinsten G\u00e4ste mit gro\u00dfen Spa\u00df herum.<\/span><\/p>\n<p><span style=\"font-family: verdana,geneva,sans-serif; font-size: 14px;\">Hier bekommen die\u00a0j\u00fcngsten Besucher Ihrer Veranstaltung leuchtende Augen und wollten sofort an den Start gehen<\/span>.<\/p>\n<p>&nbsp;<\/p>\n<p>&nbsp;<\/p>\n","protected":false},"featured_media":1004,"template":"","meta":[],"product_cat":[46,47,113,60,61,62,57],"product_tag":[],"_links":{"self":[{"href":"https:\/\/www.spielmobil-konz.de\/index.php?rest_route=\/wp\/v2\/product\/994"}],"collection":[{"href":"https:\/\/www.spielmobil-konz.de\/index.php?rest_route=\/wp\/v2\/product"}],"about":[{"href":"https:\/\/www.spielmobil-konz.de\/index.php?rest_route=\/wp\/v2\/types\/product"}],"wp:featuredmedia":[{"embeddable":true,"href":"https:\/\/www.spielmobil-konz.de\/index.php?rest_route=\/wp\/v2\/media\/1004"}],"wp:attachment":[{"href":"https:\/\/www.spielmobil-konz.de\/index.php?rest_route=%2Fwp%2Fv2%2Fmedia&parent=994"}],"wp:term":[{"taxonomy":"product_cat","embeddable":true,"href":"https:\/\/www.spielmobil-konz.de\/index.php?rest_route=%2Fwp%2Fv2%2Fproduct_cat&post=994"},{"taxonomy":"product_tag","embeddable":true,"href":"https:\/\/www.spielmobil-konz.de\/index.php?rest_route=%2Fwp%2Fv2%2Fproduct_tag&post=994"}],"curies":[{"name":"wp","href":"https:\/\/api.w.org\/{rel}","templated":true}]}}