{"id":4075,"date":"2025-03-13T10:48:44","date_gmt":"2025-03-13T09:48:44","guid":{"rendered":"https:\/\/www.spielmobil-konz.de\/?post_type=product&#038;p=4075"},"modified":"2025-03-13T19:00:32","modified_gmt":"2025-03-13T18:00:32","slug":"baelle-bad","status":"publish","type":"product","link":"https:\/\/www.spielmobil-konz.de\/?product=baelle-bad","title":{"rendered":"B\u00e4lle Bad XXL"},"content":{"rendered":"<p>&nbsp;<\/p>\n<table style=\"width: 62.7723%;\">\n<tbody>\n<tr>\n<td style=\"width: 35.8389%; vertical-align: top;\">Equipment Set:<\/td>\n<td style=\"width: 300px;\">\u00a0aufblasbares Airplay, Gebl\u00e4se, Unterlegeplane, Gewichte und Abspannseile<\/td>\n<\/tr>\n<tr>\n<td style=\"width: 35.8389%;\">Platzbedarf:<\/td>\n<td style=\"width: 300px;\">\u00a0 5 x 5 x 3 m<\/td>\n<\/tr>\n<tr>\n<td style=\"width: 35.8389%;\">\u00a0<\/td>\n<td style=\"width: 300px;\">\u00a0mit Dachplane zum Sonnenschutz<\/td>\n<\/tr>\n<tr>\n<td style=\"width: 35.8389%;\">Belastbarkeit<\/td>\n<td style=\"width: 300px;\">\u00a0max. 10 Kinder<\/td>\n<\/tr>\n<tr>\n<td style=\"width: 35.8389%;\">Zielgruppe:<\/td>\n<td style=\"width: 300px;\">\u00a0Kinder bis 12 Jahre<\/td>\n<\/tr>\n<tr>\n<td style=\"width: 35.8389%;\">Betreuung:<\/td>\n<td style=\"width: 300px;\">\u00a0min. 1 Betreuungspersonal\u00a0<\/td>\n<\/tr>\n<tr>\n<td style=\"width: 35.8389%;\">Selbstbetreuung m\u00f6glich:<\/td>\n<td style=\"width: 300px;\">\u00a0ja<\/td>\n<\/tr>\n<tr>\n<td style=\"width: 35.8389%;\">Gr\u00f6\u00dfe aufgeblasen:<\/td>\n<td style=\"width: 300px;\">\u00a03,5 x 4,4 x 2,4m<\/td>\n<\/tr>\n<tr>\n<td style=\"width: 35.8389%;\">Transportumfang:<\/td>\n<td style=\"width: 300px;\">\u00a0Europalette 1,2 x 0,8 x\u00a01 m<\/td>\n<\/tr>\n<tr>\n<td style=\"width: 35.8389%;\">weitere Serviceleistungen:<\/td>\n<td style=\"width: 300px;\">\u00a0Liefer-, Teil- und Fullservice<\/td>\n<\/tr>\n<tr>\n<td style=\"width: 35.8389%;\">Strombedarf:<\/td>\n<td style=\"width: 300px;\">\u00a0230V \/ 16A<\/td>\n<\/tr>\n<tr>\n<td style=\"width: 35.8389%;\">Wasserbedarf:<\/td>\n<td style=\"width: 300px;\">\u00a0nein<\/td>\n<\/tr>\n<\/tbody>\n<\/table>\n","protected":false},"excerpt":{"rendered":"<p><strong>Mieten Sie das gr\u00f6\u00dfte mobile B\u00e4llebad \u2013 ein unvergessliches Highlight!<\/strong><\/p>\n<p>Bringen Sie Spa\u00df und Action auf Ihr Event! Unser einzigartiges, speziell angefertigtes B\u00e4llebad sorgt f\u00fcr Begeisterung bei Kindern. Perfekt f\u00fcr Firmenfeiern, Messen, Stadtfeste oder private Partys \u2013 dieses Modul gibt es so kein zweites Mal!<\/p>\n<p>&nbsp;<\/p>\n","protected":false},"featured_media":4079,"template":"","meta":[],"product_cat":[140,138,136,122,38,39,42,46,48,113,60,65,62,112],"product_tag":[],"_links":{"self":[{"href":"https:\/\/www.spielmobil-konz.de\/index.php?rest_route=\/wp\/v2\/product\/4075"}],"collection":[{"href":"https:\/\/www.spielmobil-konz.de\/index.php?rest_route=\/wp\/v2\/product"}],"about":[{"href":"https:\/\/www.spielmobil-konz.de\/index.php?rest_route=\/wp\/v2\/types\/product"}],"wp:featuredmedia":[{"embeddable":true,"href":"https:\/\/www.spielmobil-konz.de\/index.php?rest_route=\/wp\/v2\/media\/4079"}],"wp:attachment":[{"href":"https:\/\/www.spielmobil-konz.de\/index.php?rest_route=%2Fwp%2Fv2%2Fmedia&parent=4075"}],"wp:term":[{"taxonomy":"product_cat","embeddable":true,"href":"https:\/\/www.spielmobil-konz.de\/index.php?rest_route=%2Fwp%2Fv2%2Fproduct_cat&post=4075"},{"taxonomy":"product_tag","embeddable":true,"href":"https:\/\/www.spielmobil-konz.de\/index.php?rest_route=%2Fwp%2Fv2%2Fproduct_tag&post=4075"}],"curies":[{"name":"wp","href":"https:\/\/api.w.org\/{rel}","templated":true}]}}