{"id":2999,"date":"2019-09-27T12:56:21","date_gmt":"2019-09-27T10:56:21","guid":{"rendered":"http:\/\/www.spielmobil-konz.de\/?post_type=product&#038;p=2999"},"modified":"2022-09-15T11:59:20","modified_gmt":"2022-09-15T09:59:20","slug":"hot-dog-streamer","status":"publish","type":"product","link":"https:\/\/www.spielmobil-konz.de\/?product=hot-dog-streamer","title":{"rendered":"Hot Dog Streamer"},"content":{"rendered":"<ul>\n<li>hohe Kapazit\u00e4t f\u00fcr bis zu 50 Br\u00f6tchen und 200 W\u00fcrstchen<\/li>\n<li>leistungsstarkes Heizelement mit 2.000 Watt<\/li>\n<li>hochwertige und robuste Edelstahlkonstruktion<\/li>\n<li>breiter Temperaturbereich von 30 \u00b0C bis 110 \u00b0C<\/li>\n<li>Einlegeboden und Schiebet\u00fcren abnehmbar<\/li>\n<li>inklusive Ablassventil f\u00fcr eine einfache Reinigung<\/li>\n<li>Ma\u00dfe 43,5 x 49,5 x 69,5 cm<\/li>\n<li>Gewicht: 16 kg<\/li>\n<\/ul>\n","protected":false},"excerpt":{"rendered":"<p>Der Hot Dog Steamer kann sowohl Hot Dog Br\u00f6tchen als auch W\u00fcrstchen gleichzeitig aufw\u00e4rmen und optimal temperiert warmhalten.<\/p>\n<p>Das leistungsstarke Ger\u00e4t besteht aus hochwertigem Edelstahl und bietet dadurch eine hohe Qualit\u00e4t und Langlebigkeit. Es ist ideal geeignet f\u00fcr diverse Bereiche der professionellen Gastronomie oder Hot Dog St\u00e4nden.<\/p>\n<p>&nbsp;<\/p>\n","protected":false},"featured_media":3000,"template":"","meta":[],"product_cat":[129,130],"product_tag":[119],"_links":{"self":[{"href":"https:\/\/www.spielmobil-konz.de\/index.php?rest_route=\/wp\/v2\/product\/2999"}],"collection":[{"href":"https:\/\/www.spielmobil-konz.de\/index.php?rest_route=\/wp\/v2\/product"}],"about":[{"href":"https:\/\/www.spielmobil-konz.de\/index.php?rest_route=\/wp\/v2\/types\/product"}],"wp:featuredmedia":[{"embeddable":true,"href":"https:\/\/www.spielmobil-konz.de\/index.php?rest_route=\/wp\/v2\/media\/3000"}],"wp:attachment":[{"href":"https:\/\/www.spielmobil-konz.de\/index.php?rest_route=%2Fwp%2Fv2%2Fmedia&parent=2999"}],"wp:term":[{"taxonomy":"product_cat","embeddable":true,"href":"https:\/\/www.spielmobil-konz.de\/index.php?rest_route=%2Fwp%2Fv2%2Fproduct_cat&post=2999"},{"taxonomy":"product_tag","embeddable":true,"href":"https:\/\/www.spielmobil-konz.de\/index.php?rest_route=%2Fwp%2Fv2%2Fproduct_tag&post=2999"}],"curies":[{"name":"wp","href":"https:\/\/api.w.org\/{rel}","templated":true}]}}