{"id":2875,"date":"2019-03-29T16:42:12","date_gmt":"2019-03-29T15:42:12","guid":{"rendered":"http:\/\/www.spielmobil-konz.de\/?post_type=product&#038;p=2875"},"modified":"2022-09-15T12:21:22","modified_gmt":"2022-09-15T10:21:22","slug":"waffeleisen","status":"publish","type":"product","link":"https:\/\/www.spielmobil-konz.de\/?product=waffeleisen","title":{"rendered":"Waffeleisen"},"content":{"rendered":"<ul>\n<li>Anschlusswert: 2,2 kW<\/li>\n<li>Spannung: 230 V<\/li>\n<li>Frequenz: 50\/60 Hz<\/li>\n<li>Temperaturbereich von: 0 \u00b0C<\/li>\n<li>Temperaturbereich bis: 300 \u00b0C<\/li>\n<li>Steuerung: Elektronisch, Knebel<\/li>\n<li>Kontrollleuchte: Ja<\/li>\n<li>Temperaturregelung: Thermostatisch<\/li>\n<li>Material Backplatten: Gusseisen<\/li>\n<li>Waffelform: Br\u00fcsseler Waffel<\/li>\n<li>Waffelgr\u00f6\u00dfe: 160 x 100 mm, H\u00f6he 32 mm<\/li>\n<li>Inklusive: 1 Reinigungsb\u00fcrste<\/li>\n<li>Ausf\u00fchrung Backplatte(n): Fest montiert<\/li>\n<li>Backplatten drehbar: nein<\/li>\n<li>Timer: nein<\/li>\n<li>Material: Edelstahl<\/li>\n<li>F\u00fcr dauerhaften gewerblichen Einsatz geeignet: ja<\/li>\n<li>Breite: 460 mm<\/li>\n<li>Tiefe: 285 mm<\/li>\n<li>H\u00f6he: 255 mm<\/li>\n<li>Gewicht: 23,5 kg<\/li>\n<\/ul>\n<p>Ohne Verbrauchsmaterialien<\/p>\n<p>&nbsp;<\/p>\n","protected":false},"excerpt":{"rendered":"<p>Ob im Winter oder bei sommerlichen Temperaturen \u2013 eine k\u00f6stliche frische Waffel kommt immer gut an! Schon der leckere Duft macht sie unwiderstehlich.<\/p>\n<p>Mit unserem hochwertigen Gatro &#8211; Waffeleisen k\u00f6nnen Sie diesen Duft auf Ihrem Event verbreiten.<\/p>\n<p>&nbsp;<\/p>\n","protected":false},"featured_media":2876,"template":"","meta":[],"product_cat":[129,130],"product_tag":[],"_links":{"self":[{"href":"https:\/\/www.spielmobil-konz.de\/index.php?rest_route=\/wp\/v2\/product\/2875"}],"collection":[{"href":"https:\/\/www.spielmobil-konz.de\/index.php?rest_route=\/wp\/v2\/product"}],"about":[{"href":"https:\/\/www.spielmobil-konz.de\/index.php?rest_route=\/wp\/v2\/types\/product"}],"wp:featuredmedia":[{"embeddable":true,"href":"https:\/\/www.spielmobil-konz.de\/index.php?rest_route=\/wp\/v2\/media\/2876"}],"wp:attachment":[{"href":"https:\/\/www.spielmobil-konz.de\/index.php?rest_route=%2Fwp%2Fv2%2Fmedia&parent=2875"}],"wp:term":[{"taxonomy":"product_cat","embeddable":true,"href":"https:\/\/www.spielmobil-konz.de\/index.php?rest_route=%2Fwp%2Fv2%2Fproduct_cat&post=2875"},{"taxonomy":"product_tag","embeddable":true,"href":"https:\/\/www.spielmobil-konz.de\/index.php?rest_route=%2Fwp%2Fv2%2Fproduct_tag&post=2875"}],"curies":[{"name":"wp","href":"https:\/\/api.w.org\/{rel}","templated":true}]}}