{"id":2737,"date":"2019-01-24T18:51:21","date_gmt":"2019-01-24T17:51:21","guid":{"rendered":"http:\/\/www.spielmobil-konz.de\/?post_type=product&#038;p=2737"},"modified":"2025-07-16T15:47:03","modified_gmt":"2025-07-16T13:47:03","slug":"huepfburg-nemo","status":"publish","type":"product","link":"https:\/\/www.spielmobil-konz.de\/?product=huepfburg-nemo","title":{"rendered":"H\u00fcpfburg &#8220;Nemo&#8221; \u2013 Abtauchen ins H\u00fcpfvergn\u00fcgen!"},"content":{"rendered":"<table style=\"width: 875px;\">\n<tbody>\n<tr>\n<td style=\"width: 200px;\"><span style=\"font-size: 16px;\">Equipment Set:<\/span><\/td>\n<td><span style=\"font-size: 16px;\">\u00a0H\u00fcpfburg mit Dach, Gebl\u00e4se, Unterlegeplane, Gewichte und Abspannseile<br \/>\n<\/span><\/td>\n<td>&nbsp;<\/td>\n<\/tr>\n<tr>\n<td><span style=\"font-size: 16px;\">Platzbedarf:<\/span><\/td>\n<td><span style=\"font-size: 16px;\">\u00a06 x 6 x 5 m<\/span><\/td>\n<td>&nbsp;<\/td>\n<\/tr>\n<tr>\n<td><span style=\"font-size: 16px;\">\u00a0<\/span><\/td>\n<td><span style=\"font-size: 16px;\">\u00a0mit Dachplane<br \/>\n<\/span><\/td>\n<td>&nbsp;<\/td>\n<\/tr>\n<tr>\n<td><span style=\"font-size: 16px;\">Belastbarkeit<\/span><\/td>\n<td><span style=\"font-size: 16px;\">\u00a0max. 10 Kinder<\/span><\/td>\n<td>&nbsp;<\/td>\n<\/tr>\n<tr>\n<td><span style=\"font-size: 16px;\">Zielgruppe:<\/span><\/td>\n<td><span style=\"font-size: 16px;\">\u00a0Kinder bis 12 Jahre<\/span><\/td>\n<td>&nbsp;<\/td>\n<\/tr>\n<tr>\n<td><span style=\"font-size: 16px;\">Betreuung:<\/span><\/td>\n<td><span style=\"font-size: 16px;\">\u00a0min. 1 Betreuungspersonal\u00a0<\/span><\/td>\n<td>&nbsp;<\/td>\n<\/tr>\n<tr>\n<td><span style=\"font-size: 16px;\">Selbstbetreuung m\u00f6glich:<\/span><\/td>\n<td><span style=\"font-size: 16px;\">\u00a0ja<\/span><\/td>\n<td>&nbsp;<\/td>\n<\/tr>\n<tr>\n<td><span style=\"font-size: 16px;\">Gr\u00f6\u00dfe aufgeblasen:<\/span><\/td>\n<td><span style=\"font-size: 16px;\">\u00a05,2 x 4 x 4 m <\/span><\/td>\n<td>&nbsp;<\/td>\n<\/tr>\n<tr>\n<td><span style=\"font-size: 16px;\">Transportumfang:<\/span><\/td>\n<td><span style=\"font-size: 16px;\">\u00a0Europalette 1,2 x 0,8 x\u00a01 m<\/span><\/td>\n<td>&nbsp;<\/td>\n<\/tr>\n<tr>\n<td><span style=\"font-size: 16px;\">weitere Serviceleistungen:<\/span><\/td>\n<td><span style=\"font-size: 16px;\">\u00a0Liefer-, Teil- und Fullservice<\/span><\/td>\n<td>&nbsp;<\/td>\n<\/tr>\n<tr>\n<td><span style=\"font-size: 16px;\">Strombedarf:<\/span><\/td>\n<td><span style=\"font-size: 16px;\">\u00a0230V \/ 16A<\/span><\/td>\n<td>&nbsp;<\/td>\n<\/tr>\n<tr>\n<td><span style=\"font-size: 16px;\">Wasserbedarf:<\/span><\/td>\n<td><span style=\"font-size: 16px;\">\u00a0nein<\/span><\/td>\n<td>&nbsp;<\/td>\n<\/tr>\n<tr>\n<td colspan=\"2\">\n<hr \/>\n<\/td>\n<td>&nbsp;<\/td>\n<\/tr>\n<\/tbody>\n<\/table>\n","protected":false},"excerpt":{"rendered":"<p>Die farbenfrohe H\u00fcpfburg im Nemo-Design begeistert kleine G\u00e4ste mit liebevollen Details und l\u00e4dt zum sicheren Toben und H\u00fcpfen ein \u2013 ideal f\u00fcr Kinderfeste und Sommeraktionen.<\/p>\n<p>&nbsp;<\/p>\n<div>\u00a0<\/div>\n<div>\u00a0<\/div>\n","protected":false},"featured_media":2738,"template":"","meta":[],"product_cat":[42,65],"product_tag":[71,78],"_links":{"self":[{"href":"https:\/\/www.spielmobil-konz.de\/index.php?rest_route=\/wp\/v2\/product\/2737"}],"collection":[{"href":"https:\/\/www.spielmobil-konz.de\/index.php?rest_route=\/wp\/v2\/product"}],"about":[{"href":"https:\/\/www.spielmobil-konz.de\/index.php?rest_route=\/wp\/v2\/types\/product"}],"wp:featuredmedia":[{"embeddable":true,"href":"https:\/\/www.spielmobil-konz.de\/index.php?rest_route=\/wp\/v2\/media\/2738"}],"wp:attachment":[{"href":"https:\/\/www.spielmobil-konz.de\/index.php?rest_route=%2Fwp%2Fv2%2Fmedia&parent=2737"}],"wp:term":[{"taxonomy":"product_cat","embeddable":true,"href":"https:\/\/www.spielmobil-konz.de\/index.php?rest_route=%2Fwp%2Fv2%2Fproduct_cat&post=2737"},{"taxonomy":"product_tag","embeddable":true,"href":"https:\/\/www.spielmobil-konz.de\/index.php?rest_route=%2Fwp%2Fv2%2Fproduct_tag&post=2737"}],"curies":[{"name":"wp","href":"https:\/\/api.w.org\/{rel}","templated":true}]}}