{"id":2702,"date":"2018-10-14T01:22:33","date_gmt":"2018-10-13T23:22:33","guid":{"rendered":"http:\/\/www.spielmobil-konz.de\/?post_type=product&#038;p=2702"},"modified":"2022-09-15T11:57:33","modified_gmt":"2022-09-15T09:57:33","slug":"fun-food","status":"publish","type":"product","link":"https:\/\/www.spielmobil-konz.de\/?product=fun-food","title":{"rendered":"FUN Food Equipment"},"content":{"rendered":"","protected":false},"excerpt":{"rendered":"<p>Bei uns finden Sie FUN Food Stationen, Ger\u00e4te und Zubeh\u00f6r f\u00fcr kleine Veranstaltungen, das VIP-Catering und\/oder f\u00fcr Ihre Cateringst\u00e4nde auf Ihrem Events.<\/p>\n","protected":false},"featured_media":3058,"template":"","meta":[],"product_cat":[115],"product_tag":[],"_links":{"self":[{"href":"https:\/\/www.spielmobil-konz.de\/index.php?rest_route=\/wp\/v2\/product\/2702"}],"collection":[{"href":"https:\/\/www.spielmobil-konz.de\/index.php?rest_route=\/wp\/v2\/product"}],"about":[{"href":"https:\/\/www.spielmobil-konz.de\/index.php?rest_route=\/wp\/v2\/types\/product"}],"wp:featuredmedia":[{"embeddable":true,"href":"https:\/\/www.spielmobil-konz.de\/index.php?rest_route=\/wp\/v2\/media\/3058"}],"wp:attachment":[{"href":"https:\/\/www.spielmobil-konz.de\/index.php?rest_route=%2Fwp%2Fv2%2Fmedia&parent=2702"}],"wp:term":[{"taxonomy":"product_cat","embeddable":true,"href":"https:\/\/www.spielmobil-konz.de\/index.php?rest_route=%2Fwp%2Fv2%2Fproduct_cat&post=2702"},{"taxonomy":"product_tag","embeddable":true,"href":"https:\/\/www.spielmobil-konz.de\/index.php?rest_route=%2Fwp%2Fv2%2Fproduct_tag&post=2702"}],"curies":[{"name":"wp","href":"https:\/\/api.w.org\/{rel}","templated":true}]}}