{"id":2668,"date":"2018-10-10T18:34:41","date_gmt":"2018-10-10T16:34:41","guid":{"rendered":"http:\/\/www.spielmobil-konz.de\/?post_type=product&#038;p=2668"},"modified":"2022-09-15T13:18:09","modified_gmt":"2022-09-15T11:18:09","slug":"stromverteiler-001","status":"publish","type":"product","link":"https:\/\/www.spielmobil-konz.de\/?product=stromverteiler-001","title":{"rendered":"Stromverteiler 001"},"content":{"rendered":"<p>Eingang:<\/p>\n<ul>\n<li>CEE 400\u2009V, 32\u2009A, 5-polig, Stecker mit 2 m H07RN-F 5G6 schwere Gummischlauchleitung<\/li>\n<\/ul>\n<p>Ausgang:<\/p>\n<ul>\n<li>3 Schutzkontaktsteckdosen 230\u2009V, 16\u2009A<\/li>\n<li>1 CEE-Steckdosen 400 V, 16\u2009A, 5-polig<\/li>\n<li>2 CEE-Steckdose 400\u2009V, 32\u2009A, 5-polig<\/li>\n<\/ul>\n<p>Absicherung:<\/p>\n<ul>\n<li>1 FI Schutzschalter 40\u2009A I\u0394N=30\u2009mA, 3 LS-Schalter C 16\u2009A 1-polig, 1 LS-Schalter C 16\u2009A 3-polig<\/li>\n<\/ul>\n<p>&nbsp;<\/p>\n","protected":false},"excerpt":{"rendered":"<p><strong>Baustellenstromverteiler<\/strong><\/p>\n<p><span class=\"a-list-item\">Geeignet f\u00fcr Gewerbe \/ Baustellen \/ Veranstaltungen. Der<\/span> Stromverteiler ist stapelbar und dadurch \u00e4u\u00dferst Platz sparend zu lagern; geschlossenes Geh\u00e4useunterteil mit 77 mm Bodenfreiheit verhindert Wassereintritt; problemloses Wechseln der Anbausteckdosen.<\/p>\n<p>&nbsp;<\/p>\n<p>&nbsp;<\/p>\n<p>&nbsp;<\/p>\n<p>&nbsp;<\/p>\n<p>&nbsp;<\/p>\n","protected":false},"featured_media":2672,"template":"","meta":[],"product_cat":[115],"product_tag":[],"_links":{"self":[{"href":"https:\/\/www.spielmobil-konz.de\/index.php?rest_route=\/wp\/v2\/product\/2668"}],"collection":[{"href":"https:\/\/www.spielmobil-konz.de\/index.php?rest_route=\/wp\/v2\/product"}],"about":[{"href":"https:\/\/www.spielmobil-konz.de\/index.php?rest_route=\/wp\/v2\/types\/product"}],"wp:featuredmedia":[{"embeddable":true,"href":"https:\/\/www.spielmobil-konz.de\/index.php?rest_route=\/wp\/v2\/media\/2672"}],"wp:attachment":[{"href":"https:\/\/www.spielmobil-konz.de\/index.php?rest_route=%2Fwp%2Fv2%2Fmedia&parent=2668"}],"wp:term":[{"taxonomy":"product_cat","embeddable":true,"href":"https:\/\/www.spielmobil-konz.de\/index.php?rest_route=%2Fwp%2Fv2%2Fproduct_cat&post=2668"},{"taxonomy":"product_tag","embeddable":true,"href":"https:\/\/www.spielmobil-konz.de\/index.php?rest_route=%2Fwp%2Fv2%2Fproduct_tag&post=2668"}],"curies":[{"name":"wp","href":"https:\/\/api.w.org\/{rel}","templated":true}]}}