{"id":2226,"date":"2017-12-20T14:38:58","date_gmt":"2017-12-20T13:38:58","guid":{"rendered":"http:\/\/www.spielmobil-konz.de\/?post_type=product&#038;p=2226"},"modified":"2022-09-15T12:46:21","modified_gmt":"2022-09-15T10:46:21","slug":"absperrungen-zaeune","status":"publish","type":"product","link":"https:\/\/www.spielmobil-konz.de\/?product=absperrungen-zaeune","title":{"rendered":"Absperrungen + Z\u00e4une"},"content":{"rendered":"","protected":false},"excerpt":{"rendered":"<p>Absperrgitter und Bauz\u00e4une werden im Veranstaltungsbereich vielseitig eingesetzt. Sei dies bei Gro\u00dfveranstaltungen, wie Konzerten unter freiem Himmel, Sport-Events und anderen Anl\u00e4ssen.<\/p>\n<p>Bauz\u00e4une im Eventsektor sorgen f\u00fcr eine hervorragende Gel\u00e4ndebegrenzung, Absperrgitter bieten sich f\u00fcr die Besucherleitstr\u00f6me und Abgrenzung von Aktionszonen an.<\/p>\n<p>&nbsp;<\/p>\n","protected":false},"featured_media":3051,"template":"","meta":[],"product_cat":[133],"product_tag":[],"_links":{"self":[{"href":"https:\/\/www.spielmobil-konz.de\/index.php?rest_route=\/wp\/v2\/product\/2226"}],"collection":[{"href":"https:\/\/www.spielmobil-konz.de\/index.php?rest_route=\/wp\/v2\/product"}],"about":[{"href":"https:\/\/www.spielmobil-konz.de\/index.php?rest_route=\/wp\/v2\/types\/product"}],"wp:featuredmedia":[{"embeddable":true,"href":"https:\/\/www.spielmobil-konz.de\/index.php?rest_route=\/wp\/v2\/media\/3051"}],"wp:attachment":[{"href":"https:\/\/www.spielmobil-konz.de\/index.php?rest_route=%2Fwp%2Fv2%2Fmedia&parent=2226"}],"wp:term":[{"taxonomy":"product_cat","embeddable":true,"href":"https:\/\/www.spielmobil-konz.de\/index.php?rest_route=%2Fwp%2Fv2%2Fproduct_cat&post=2226"},{"taxonomy":"product_tag","embeddable":true,"href":"https:\/\/www.spielmobil-konz.de\/index.php?rest_route=%2Fwp%2Fv2%2Fproduct_tag&post=2226"}],"curies":[{"name":"wp","href":"https:\/\/api.w.org\/{rel}","templated":true}]}}