{"id":2162,"date":"2017-12-18T12:16:15","date_gmt":"2017-12-18T11:16:15","guid":{"rendered":"http:\/\/www.spielmobil-konz.de\/?post_type=product&#038;p=2162"},"modified":"2019-01-28T18:05:33","modified_gmt":"2019-01-28T17:05:33","slug":"kettcar-sozio-sitz","status":"publish","type":"product","link":"https:\/\/www.spielmobil-konz.de\/?product=kettcar-sozio-sitz","title":{"rendered":"Kettcar Zubeh\u00f6r"},"content":{"rendered":"<p><strong>Basis-Soziussitz<\/strong> in Rot.<\/p>\n<p>Der Soziussitz darf h\u00f6chstens bis 30 kg belastet werden. Der B\u00fcgel unter dem Sitz verhindert das Kippen des Kettcars bei \u00dcberlastung.<\/p>\n<p>&nbsp;<\/p>\n<p>&nbsp;<\/p>\n<hr>\n<p>&nbsp;<\/p>\n","protected":false},"excerpt":{"rendered":"<p>Basis-Soziussitz in Rot. Der Soziussitz darf h\u00f6chstens bis 30 kg belastet werden. Der B\u00fcgel unter dem Sitz verhindert das Kippen des Kettcars bei \u00dcberlastung. &nbsp; &nbsp; &nbsp;<\/p>\n","protected":false},"featured_media":2165,"template":"","meta":[],"product_cat":[63],"product_tag":[],"_links":{"self":[{"href":"https:\/\/www.spielmobil-konz.de\/index.php?rest_route=\/wp\/v2\/product\/2162"}],"collection":[{"href":"https:\/\/www.spielmobil-konz.de\/index.php?rest_route=\/wp\/v2\/product"}],"about":[{"href":"https:\/\/www.spielmobil-konz.de\/index.php?rest_route=\/wp\/v2\/types\/product"}],"wp:featuredmedia":[{"embeddable":true,"href":"https:\/\/www.spielmobil-konz.de\/index.php?rest_route=\/wp\/v2\/media\/2165"}],"wp:attachment":[{"href":"https:\/\/www.spielmobil-konz.de\/index.php?rest_route=%2Fwp%2Fv2%2Fmedia&parent=2162"}],"wp:term":[{"taxonomy":"product_cat","embeddable":true,"href":"https:\/\/www.spielmobil-konz.de\/index.php?rest_route=%2Fwp%2Fv2%2Fproduct_cat&post=2162"},{"taxonomy":"product_tag","embeddable":true,"href":"https:\/\/www.spielmobil-konz.de\/index.php?rest_route=%2Fwp%2Fv2%2Fproduct_tag&post=2162"}],"curies":[{"name":"wp","href":"https:\/\/api.w.org\/{rel}","templated":true}]}}