{"id":2004,"date":"2017-05-06T17:40:53","date_gmt":"2017-05-06T15:40:53","guid":{"rendered":"http:\/\/www.spielmobil-konz.de\/?product=pavillon-6-x-3-m-im-komplet-set"},"modified":"2025-07-08T22:05:08","modified_gmt":"2025-07-08T20:05:08","slug":"pavillon-6-x-3-m-im-komplet-set","status":"publish","type":"product","link":"https:\/\/www.spielmobil-konz.de\/?product=pavillon-6-x-3-m-im-komplet-set","title":{"rendered":"Pavillon 6 x 3 m Komplet-Set"},"content":{"rendered":"<table style=\"width: 53.9746%; height: 336px;\">\n<tbody>\n<tr style=\"height: 24px;\">\n<td style=\"width: 250px; height: 24px;\"><span style=\"font-size: 16px;\">Equipment Set:<\/span><\/td>\n<td style=\"width: 529px; height: 24px;\"><span style=\"font-size: 16px;\">Partyzelt \/ Pavillion \/ Schnellbauzelt<br \/>\n<\/span><\/td>\n<\/tr>\n<tr style=\"height: 24px;\">\n<td style=\"width: 200px; height: 24px;\"><span style=\"font-size: 16px;\">Gr\u00f6\u00dfe:<\/span><\/td>\n<td style=\"width: 529px; height: 24px;\"><span style=\"font-size: 16px;\">6 x 3 m<\/span><\/td>\n<\/tr>\n<tr style=\"height: 24px;\">\n<td style=\"width: 200px; height: 24px;\"><span style=\"font-size: 16px;\">Farbe:<br \/>\n<\/span><\/td>\n<td style=\"width: 529px; height: 24px;\"><span style=\"font-size: 16px;\">Rot<br \/>\n<\/span><\/td>\n<\/tr>\n<tr style=\"height: 24px;\">\n<td style=\"width: 200px; height: 24px;\"><span style=\"font-size: 16px;\">Platzbedarf:<\/span><\/td>\n<td style=\"width: 529px; height: 24px;\"><span style=\"font-size: 16px;\">3 x 4 m<\/span><\/td>\n<\/tr>\n<tr style=\"height: 48px;\">\n<td style=\"width: 200px; vertical-align: top; height: 48px;\">Lieferumfang:<\/td>\n<td style=\"width: 529px; vertical-align: top; height: 48px;\">Alu-Gestell, Dach, 1 x R\u00fcckwand, 2 Seitenw\u00e4nde, Fu\u00dfgewichte, Heringe, Transportcases<\/td>\n<\/tr>\n<tr style=\"height: 24px;\">\n<td style=\"width: 200px; height: 24px;\"><span style=\"font-size: 16px;\">Optional:<\/span><\/td>\n<td style=\"width: 529px; height: 24px;\"><span style=\"font-size: 16px;\">halb hohe Seitenw\u00e4nde<\/span><\/td>\n<\/tr>\n<tr style=\"height: 24px;\">\n<td style=\"width: 200px; height: 24px;\"><span style=\"font-size: 16px;\">Selbstabholung m\u00f6glich:<\/span><\/td>\n<td style=\"width: 529px; height: 24px;\"><span style=\"font-size: 16px;\">ja<\/span><\/td>\n<\/tr>\n<tr style=\"height: 24px;\">\n<td style=\"width: 200px; height: 24px;\"><span style=\"font-size: 16px;\">Transportumfang:<\/span><\/td>\n<td style=\"width: 529px; height: 24px;\"><span style=\"font-size: 16px;\">1,6 x 0,8 x 0,8 m in Transportcases<\/span><\/td>\n<\/tr>\n<tr style=\"height: 24px;\">\n<td style=\"width: 200px; height: 24px;\"><span style=\"font-size: 16px;\">weitere Serviceleistungen:<\/span><\/td>\n<td style=\"width: 529px; height: 24px;\"><span style=\"font-size: 16px;\">Lieferservice auf Wunsch<\/span><\/td>\n<\/tr>\n<tr style=\"height: 24px;\">\n<td style=\"width: 200px; height: 24px;\"><span style=\"font-size: 16px;\">\u00a0<\/span><\/td>\n<td style=\"width: 529px; height: 24px;\"><span style=\"font-size: 16px;\">\u00a0<\/span><\/td>\n<\/tr>\n<\/tbody>\n<\/table>\n<p>&nbsp;<\/p>\n","protected":false},"excerpt":{"rendered":"<div><span style=\"font-family: verdana,geneva,sans-serif; font-size: 14px;\"><strong>Lassen Sie Ihre G\u00e4ste nicht im Regen stehen!<\/strong><\/span><\/div>\n<div>\n<p><span style=\"font-family: verdana,geneva,sans-serif; font-size: 14px;\">Ob Garten- oder Stra\u00dfenfest, Spiel-\u00a0oder Familienfest, Catering oder Vereinsjubil\u00e4um \u2013 mit unseren\u00a0Profi Zeltsystemen\u00a0sind Sie und Ihre G\u00e4ste jederzeit vor Sonne, Wind und Regen gesch\u00fctzt.<\/span><\/p>\n<p><span style=\"font-family: verdana,geneva,sans-serif; font-size: 14px;\">Unsere Pavillons sind die idealen Begleiter f\u00fcr Ihr Event bzw. Ihre\u00a0Veranstaltung und\u00a0wecken gleichzeitig mit\u00a0ihrer aufmerksamkeitsstarken Optik das Interesse Ihrer Besucher(innen).<\/span><\/p>\n<\/div>\n<div><span style=\"font-family: verdana,geneva,sans-serif; font-size: 14px;\">Einsatzm\u00f6glichkeiten:<\/span><\/div>\n<div><span style=\"font-family: verdana,geneva,sans-serif; font-size: 14px;\">\u00a0<\/span><\/div>\n<div><span style=\"font-family: verdana,geneva,sans-serif; font-size: 14px;\">&#8211; Spiel- und Familienfeste,<\/span><\/div>\n<div><span style=\"font-family: verdana,geneva,sans-serif; font-size: 14px;\">&#8211; Betriebsfeier oder Tag der offenen T\u00fcr,<\/span><\/div>\n<div><span style=\"font-family: verdana,geneva,sans-serif; font-size: 14px;\">&#8211; Stra\u00dfen- oder Stadtfesten,<\/span><\/div>\n<div><span style=\"font-family: verdana,geneva,sans-serif; font-size: 14px;\">&#8211; Catering oder Vereinsjubil\u00e4um,<\/span><\/div>\n<div><span style=\"font-family: verdana,geneva,sans-serif; font-size: 14px;\">&#8211; Verkaufs- oder Messestand,<\/span><\/div>\n<div><span style=\"font-family: verdana,geneva,sans-serif; font-size: 14px;\">&#8211; Ausstellungen oder Promotion-Aktionen,<\/span><\/div>\n<div><span style=\"font-family: verdana,geneva,sans-serif; font-size: 14px;\">\u00a0<\/span><\/div>\n<div><span style=\"font-family: verdana,geneva,sans-serif; font-size: 14px;\">\u00a0<\/span><\/div>\n<div><span style=\"font-family: verdana,geneva,sans-serif; font-size: 14px;\">\u00a0<\/span><\/div>\n","protected":false},"featured_media":3066,"template":"","meta":[],"product_cat":[128,38,60,105],"product_tag":[79],"_links":{"self":[{"href":"https:\/\/www.spielmobil-konz.de\/index.php?rest_route=\/wp\/v2\/product\/2004"}],"collection":[{"href":"https:\/\/www.spielmobil-konz.de\/index.php?rest_route=\/wp\/v2\/product"}],"about":[{"href":"https:\/\/www.spielmobil-konz.de\/index.php?rest_route=\/wp\/v2\/types\/product"}],"wp:featuredmedia":[{"embeddable":true,"href":"https:\/\/www.spielmobil-konz.de\/index.php?rest_route=\/wp\/v2\/media\/3066"}],"wp:attachment":[{"href":"https:\/\/www.spielmobil-konz.de\/index.php?rest_route=%2Fwp%2Fv2%2Fmedia&parent=2004"}],"wp:term":[{"taxonomy":"product_cat","embeddable":true,"href":"https:\/\/www.spielmobil-konz.de\/index.php?rest_route=%2Fwp%2Fv2%2Fproduct_cat&post=2004"},{"taxonomy":"product_tag","embeddable":true,"href":"https:\/\/www.spielmobil-konz.de\/index.php?rest_route=%2Fwp%2Fv2%2Fproduct_tag&post=2004"}],"curies":[{"name":"wp","href":"https:\/\/api.w.org\/{rel}","templated":true}]}}