{"id":1519,"date":"2016-04-02T23:26:43","date_gmt":"2016-04-02T23:26:43","guid":{"rendered":"http:\/\/www.spielmobil-konz.de\/?post_type=product&#038;p=1519"},"modified":"2024-05-15T15:44:41","modified_gmt":"2024-05-15T13:44:41","slug":"edelstahl-spuelen","status":"publish","type":"product","link":"https:\/\/www.spielmobil-konz.de\/?product=edelstahl-spuelen","title":{"rendered":"Edelstahl Sp\u00fclentheke"},"content":{"rendered":"<p>Edelstahl-Thekengestell klappbar<br \/>\nStellschrauben f\u00fcr H\u00f6henregulierung<br \/>\nWerbeplatten wei\u00df, 3-seitig<br \/>\nWerbeplatten dreh- und wechselbar<br \/>\nGriffmulde f\u00fcr leichtes Handling<\/p>\n<p><strong>mit 2 Sp\u00fclbecken mittig einh\u00e4ngbar<\/strong><br \/>\npassend f\u00fcr alle Thekengestelle<br \/>\nCNS-Abdeckung mit umlaufendem Wulstrand<br \/>\nNirosta 1.4301<br \/>\nOberfl\u00e4che ledergenarbt<br \/>\nAufnahmebohrungen f\u00fcr Barbrett<br \/>\n2 CNS-Sp\u00fcllbecken 500 x 300 x 300 mm<br \/>\nSp\u00fclbecken mittig einh\u00e4ngbar<br \/>\nAbtropf-\/Abstellfl\u00e4che links und rechts<br \/>\nAblaufverschraubung und Standrohrventil<br \/>\nKaltwasserhahn lose und Untersp\u00fclrohre<br \/>\nGewicht ca. 29,5 kg<\/p>\n<p>Gr\u00f6\u00dfe: 2000 x 700 x 900 mm<\/p>\n","protected":false},"excerpt":{"rendered":"<p>Mobile Edelstahlsp\u00fchle f\u00fcr Ihren Getr\u00e4nke- und\/oder Cateringstand auf Ihrem Event.<\/p>\n<p>&nbsp;<\/p>\n<p>&nbsp;<\/p>\n","protected":false},"featured_media":2212,"template":"","meta":[],"product_cat":[130],"product_tag":[],"_links":{"self":[{"href":"https:\/\/www.spielmobil-konz.de\/index.php?rest_route=\/wp\/v2\/product\/1519"}],"collection":[{"href":"https:\/\/www.spielmobil-konz.de\/index.php?rest_route=\/wp\/v2\/product"}],"about":[{"href":"https:\/\/www.spielmobil-konz.de\/index.php?rest_route=\/wp\/v2\/types\/product"}],"wp:featuredmedia":[{"embeddable":true,"href":"https:\/\/www.spielmobil-konz.de\/index.php?rest_route=\/wp\/v2\/media\/2212"}],"wp:attachment":[{"href":"https:\/\/www.spielmobil-konz.de\/index.php?rest_route=%2Fwp%2Fv2%2Fmedia&parent=1519"}],"wp:term":[{"taxonomy":"product_cat","embeddable":true,"href":"https:\/\/www.spielmobil-konz.de\/index.php?rest_route=%2Fwp%2Fv2%2Fproduct_cat&post=1519"},{"taxonomy":"product_tag","embeddable":true,"href":"https:\/\/www.spielmobil-konz.de\/index.php?rest_route=%2Fwp%2Fv2%2Fproduct_tag&post=1519"}],"curies":[{"name":"wp","href":"https:\/\/api.w.org\/{rel}","templated":true}]}}