{"id":1299,"date":"2016-03-10T10:35:52","date_gmt":"2016-03-10T10:35:52","guid":{"rendered":"http:\/\/www.spielmobil-konz.de\/?post_type=product&#038;p=1299"},"modified":"2025-03-13T10:28:11","modified_gmt":"2025-03-13T09:28:11","slug":"wey-kick-spiel","status":"publish","type":"product","link":"https:\/\/www.spielmobil-konz.de\/?product=wey-kick-spiel","title":{"rendered":"Wey Kick Arena"},"content":{"rendered":"<table style=\"width: 747px; height: 410px;\">\n<tbody>\n<tr>\n<td style=\"width: 210px;\"><span style=\"font-size: 16px;\">Equipment Set:<\/span><\/td>\n<td><span style=\"font-size: 16px;\">\u00a0Spielbrett, Figuren und B\u00e4lle<\/span><\/td>\n<\/tr>\n<tr>\n<td style=\"width: 210px;\"><span style=\"font-size: 16px;\">\u00a0<\/span><\/td>\n<td><span style=\"font-size: 16px;\">\u00a0incl. h\u00f6henverstellbarer Spieletisch<\/span><\/td>\n<\/tr>\n<tr>\n<td style=\"width: 210px;\"><span style=\"font-size: 16px;\">Platzbedarf:<\/span><\/td>\n<td><span style=\"font-size: 16px;\">\u00a0 82 x\u00a088 cm<\/span><\/td>\n<\/tr>\n<tr>\n<td style=\"width: 210px;\"><span style=\"font-size: 16px;\">Anzahl Nutzer:<\/span><\/td>\n<td><span style=\"font-size: 16px;\">\u00a02 &#8211; 6\u00a0Spieler(innen)<\/span><\/td>\n<\/tr>\n<tr>\n<td style=\"width: 210px;\"><span style=\"font-size: 16px;\">Zielgruppe:<\/span><\/td>\n<td><span style=\"font-size: 16px;\">\u00a0Kinder ab\u00a05 Jahren<\/span><\/td>\n<\/tr>\n<tr>\n<td style=\"width: 210px;\"><span style=\"font-size: 16px;\">Betreuung:<\/span><\/td>\n<td><span style=\"font-size: 16px;\">\u00a01 Betreuungspersonal<\/span><\/td>\n<\/tr>\n<tr>\n<td style=\"width: 210px;\"><span style=\"font-size: 16px;\">\u00a0<\/span><\/td>\n<td><span style=\"font-size: 16px;\">\u00a0<\/span><\/td>\n<\/tr>\n<tr>\n<td style=\"width: 210px;\"><span style=\"font-size: 16px;\">Selbstbetreuung m\u00f6glich:<\/span><\/td>\n<td><span style=\"font-size: 16px;\">\u00a0ja<\/span><\/td>\n<\/tr>\n<tr>\n<td style=\"width: 210px;\"><span style=\"font-size: 16px;\">weitere Serviceleistungen:<\/span><\/td>\n<td><span style=\"font-size: 16px;\">\u00a0Liefer- Teilservice<\/span><\/td>\n<\/tr>\n<tr>\n<td style=\"width: 210px;\"><span style=\"font-size: 16px;\">\u00a0<\/span><\/td>\n<td><span style=\"font-size: 16px;\">\u00a0<\/span><\/td>\n<\/tr>\n<tr>\n<td style=\"width: 210px;\"><span style=\"font-size: 16px;\">Strombedarf:<\/span><\/td>\n<td><span style=\"font-size: 16px;\">\u00a0nein<\/span><\/td>\n<\/tr>\n<tr>\n<td style=\"width: 210px;\"><span style=\"font-size: 16px;\">Wasserbedarf:<\/span><\/td>\n<td><span style=\"font-size: 16px;\">\u00a0nein<\/span><\/td>\n<\/tr>\n<\/tbody>\n<\/table>\n","protected":false},"excerpt":{"rendered":"<div><strong><span style=\"font-size: 16px;\">So anziehend kann Fu\u00dfball sein!<\/span><\/strong><\/div>\n<div>\u00a0<\/div>\n<div>Das Spielprinzip ist ebenso simpel wie genial:<br \/>\nUnter der Spielfl\u00e4che wird ein Magnet bewegt, der eine magnetische Spielfigur auf dem Spielfeld steuert. Das Ziel ist es, den Ball mit geschickten Bewegungen ins gegnerische Tor zu bef\u00f6rdern. Ob pr\u00e4zise Torsch\u00fcsse, geschicktes Bandenspiel, geschickte Abwehraktionen, schnelle Konter oder raffinierte Doppelp\u00e4sse \u2013 all das wird allein durch magnetische Kraft erm\u00f6glicht! Die dynamische Spielweise fesselt Spieler*innen aller Altersgruppen und f\u00f6rdert dabei ganz nebenbei die Auge-Hand-Koordination, Feinmotorik und r\u00e4umliche Wahrnehmung<\/div>\n<div>\u00a0<\/div>\n","protected":false},"featured_media":1420,"template":"","meta":[],"product_cat":[46,48,113,62],"product_tag":[],"_links":{"self":[{"href":"https:\/\/www.spielmobil-konz.de\/index.php?rest_route=\/wp\/v2\/product\/1299"}],"collection":[{"href":"https:\/\/www.spielmobil-konz.de\/index.php?rest_route=\/wp\/v2\/product"}],"about":[{"href":"https:\/\/www.spielmobil-konz.de\/index.php?rest_route=\/wp\/v2\/types\/product"}],"wp:featuredmedia":[{"embeddable":true,"href":"https:\/\/www.spielmobil-konz.de\/index.php?rest_route=\/wp\/v2\/media\/1420"}],"wp:attachment":[{"href":"https:\/\/www.spielmobil-konz.de\/index.php?rest_route=%2Fwp%2Fv2%2Fmedia&parent=1299"}],"wp:term":[{"taxonomy":"product_cat","embeddable":true,"href":"https:\/\/www.spielmobil-konz.de\/index.php?rest_route=%2Fwp%2Fv2%2Fproduct_cat&post=1299"},{"taxonomy":"product_tag","embeddable":true,"href":"https:\/\/www.spielmobil-konz.de\/index.php?rest_route=%2Fwp%2Fv2%2Fproduct_tag&post=1299"}],"curies":[{"name":"wp","href":"https:\/\/api.w.org\/{rel}","templated":true}]}}