{"id":1153,"date":"2016-03-09T08:43:50","date_gmt":"2016-03-09T08:43:50","guid":{"rendered":"http:\/\/www.spielmobil-konz.de\/?post_type=product&#038;p=1153"},"modified":"2025-07-16T15:49:43","modified_gmt":"2025-07-16T13:49:43","slug":"huepfburg-mit-rutsche","status":"publish","type":"product","link":"https:\/\/www.spielmobil-konz.de\/?product=huepfburg-mit-rutsche","title":{"rendered":"H\u00fcpfburg mit Rutsche &#8211; Doppelter Spa\u00df f\u00fcr Kinder"},"content":{"rendered":"<table style=\"width: 875px;\">\n<tbody>\n<tr style=\"height: 24px;\">\n<td style=\"width: 228.84px; height: 24px;\"><span style=\"font-size: 16px;\">Equipment Set:<\/span><\/td>\n<td style=\"width: 502.16px; height: 24px;\"><span style=\"font-size: 16px;\">\u00a0H\u00fcpfburg mit Dach, Gebl\u00e4se, \u00a0Unterlegeplane, Gewichte und Abspannseile<br \/>\n<\/span><\/td>\n<\/tr>\n<tr style=\"height: 24px;\">\n<td style=\"width: 228.84px; height: 24px;\"><span style=\"font-size: 16px;\">Unterlegeplane,\u00a0Platzbedarf:\u00a0\u00a0\u00a0\u00a0\u00a0\u00a0 <\/span><\/td>\n<td style=\"width: 502.16px; height: 24px;\"><span style=\"font-size: 16px;\">\u00a06 x 6 x 5 m<\/span><\/td>\n<\/tr>\n<tr style=\"height: 24px;\">\n<td style=\"width: 228.84px; height: 24px;\"><span style=\"font-size: 16px;\">Belastbarkeit<\/span><\/td>\n<td style=\"width: 502.16px; height: 24px;\"><span style=\"font-size: 16px;\">\u00a0max. 10 Kinder<\/span><\/td>\n<\/tr>\n<tr style=\"height: 24px;\">\n<td style=\"width: 228.84px; height: 24px;\"><span style=\"font-size: 16px;\">Zielgruppe:<\/span><\/td>\n<td style=\"width: 502.16px; height: 24px;\"><span style=\"font-size: 16px;\">\u00a0Kinder bis 12 Jahre<\/span><\/td>\n<\/tr>\n<tr style=\"height: 24px;\">\n<td style=\"width: 228.84px; height: 24px;\"><span style=\"font-size: 16px;\">Betreuung:<\/span><\/td>\n<td style=\"width: 502.16px; height: 24px;\"><span style=\"font-size: 16px;\">\u00a0min. 1 Betreuungspersonal\u00a0<\/span><\/td>\n<\/tr>\n<tr style=\"height: 24px;\">\n<td style=\"width: 228.84px; height: 24px;\"><span style=\"font-size: 16px;\">Selbstbetreuung m\u00f6glich:<\/span><\/td>\n<td style=\"width: 502.16px; height: 24px;\"><span style=\"font-size: 16px;\">\u00a0ja<\/span><\/td>\n<\/tr>\n<tr style=\"height: 24px;\">\n<td style=\"width: 228.84px; height: 24px;\"><span style=\"font-size: 16px;\">Gr\u00f6\u00dfe aufgeblasen:<\/span><\/td>\n<td style=\"width: 502.16px; height: 24px;\"><span style=\"font-size: 16px;\">\u00a04,1 x 4 ,55 x 3,55m <\/span><\/td>\n<\/tr>\n<tr>\n<td style=\"width: 228.84px;\"><span style=\"font-size: 16px;\">\u00a0<\/span><\/td>\n<td style=\"width: 502.16px;\"><span style=\"font-size: 16px;\">\u00a0mit Dach und seitlicher Rutsche<br \/>\n<\/span><\/td>\n<\/tr>\n<tr style=\"height: 24px;\">\n<td style=\"width: 228.84px; height: 24px;\"><span style=\"font-size: 16px;\">Transportumfang:<\/span><\/td>\n<td style=\"width: 502.16px; height: 24px;\"><span style=\"font-size: 16px;\">\u00a0Europalette 1,2 x 0,8 x\u00a01 m<\/span><\/td>\n<\/tr>\n<tr style=\"height: 24px;\">\n<td style=\"width: 228.84px; height: 24px;\"><span style=\"font-size: 16px;\">weitere Serviceleistungen:<\/span><\/td>\n<td style=\"width: 502.16px; height: 24px;\"><span style=\"font-size: 16px;\">\u00a0Liefer-, Teil- und Fullservice<\/span><\/td>\n<\/tr>\n<tr style=\"height: 24px;\">\n<td style=\"width: 228.84px; height: 24px;\"><span style=\"font-size: 16px;\">Strombedarf:<\/span><\/td>\n<td style=\"width: 502.16px; height: 24px;\"><span style=\"font-size: 16px;\">\u00a0230V \/ 16A<\/span><\/td>\n<\/tr>\n<tr style=\"height: 24px;\">\n<td style=\"width: 228.84px; height: 24px;\"><span style=\"font-size: 16px;\">Wasserbedarf:<\/span><\/td>\n<td style=\"width: 502.16px; height: 24px;\"><span style=\"font-size: 16px;\">\u00a0nein<\/span><\/td>\n<\/tr>\n<tr>\n<td style=\"width: 228.84px;\" colspan=\"2\">\n<hr \/>\n<\/td>\n<\/tr>\n<\/tbody>\n<\/table>\n<p>&nbsp;<\/p>\n","protected":false},"excerpt":{"rendered":"<div><span style=\"font-size: 16px;\">H\u00fcpfburgen sind wohl der bekannteste und einer der beliebtesten Anziehungspunkte auf Kinder-, Stadt-, Schule-, Vereins- oder Stra\u00dfenfesten.<\/span><\/div>\n<div>\u00a0<\/div>\n<div><span style=\"font-size: 16px;\">Hier k\u00f6nnen sich die Kinder mal so richtig austoben.<\/span><\/div>\n<div>\u00a0<\/div>\n<div>\u00a0<\/div>\n","protected":false},"featured_media":1367,"template":"","meta":[],"product_cat":[42,60,65],"product_tag":[71,78],"_links":{"self":[{"href":"https:\/\/www.spielmobil-konz.de\/index.php?rest_route=\/wp\/v2\/product\/1153"}],"collection":[{"href":"https:\/\/www.spielmobil-konz.de\/index.php?rest_route=\/wp\/v2\/product"}],"about":[{"href":"https:\/\/www.spielmobil-konz.de\/index.php?rest_route=\/wp\/v2\/types\/product"}],"wp:featuredmedia":[{"embeddable":true,"href":"https:\/\/www.spielmobil-konz.de\/index.php?rest_route=\/wp\/v2\/media\/1367"}],"wp:attachment":[{"href":"https:\/\/www.spielmobil-konz.de\/index.php?rest_route=%2Fwp%2Fv2%2Fmedia&parent=1153"}],"wp:term":[{"taxonomy":"product_cat","embeddable":true,"href":"https:\/\/www.spielmobil-konz.de\/index.php?rest_route=%2Fwp%2Fv2%2Fproduct_cat&post=1153"},{"taxonomy":"product_tag","embeddable":true,"href":"https:\/\/www.spielmobil-konz.de\/index.php?rest_route=%2Fwp%2Fv2%2Fproduct_tag&post=1153"}],"curies":[{"name":"wp","href":"https:\/\/api.w.org\/{rel}","templated":true}]}}