{"id":1131,"date":"2016-03-08T15:49:43","date_gmt":"2016-03-08T15:49:43","guid":{"rendered":"http:\/\/www.spielmobil-konz.de\/?post_type=product&#038;p=1131"},"modified":"2020-02-28T19:14:45","modified_gmt":"2020-02-28T18:14:45","slug":"fussball-torwand","status":"publish","type":"product","link":"https:\/\/www.spielmobil-konz.de\/?product=fussball-torwand","title":{"rendered":"Fu\u00dfball Torwand"},"content":{"rendered":"<table style=\"width: 748px; height: 336px;\">\n<tbody>\n<tr>\n<td style=\"width: 200px;\"><span style=\"font-size: 16px;\">Equipment Set:<\/span><\/td>\n<td style=\"width: 532px;\"><span style=\"font-size: 16px;\">\u00a0Fu\u00dfballtorwand wie ZDF Torwand<\/span><\/td>\n<\/tr>\n<tr>\n<td style=\"width: 200px;\"><span style=\"font-size: 16px;\">Gr\u00f6\u00dfe:<\/span><\/td>\n<td style=\"width: 532px;\"><span style=\"font-size: 16px;\">\u00a02,70 x 1,88 m, L\u00f6cher 55 ca<\/span><\/td>\n<\/tr>\n<tr>\n<td style=\"width: 200px;\"><span style=\"font-size: 16px;\">Platzbedarf:<\/span><\/td>\n<td style=\"width: 532px;\"><span style=\"font-size: 16px;\">\u00a04 x 10 m<\/span><\/td>\n<\/tr>\n<tr>\n<td style=\"width: 200px;\"><span style=\"font-size: 16px;\">Zielgruppe:<\/span><\/td>\n<td style=\"width: 532px;\"><span style=\"font-size: 16px;\">\u00a0Kinder \/ Jugendliche \/ Erwachsene<\/span><\/td>\n<\/tr>\n<tr>\n<td style=\"width: 200px;\"><span style=\"font-size: 16px;\">Anzahl Nutzer:<\/span><\/td>\n<td style=\"width: 532px;\"><span style=\"font-size: 16px;\">\u00a01 Mitspieler\/in<\/span><\/td>\n<\/tr>\n<tr>\n<td style=\"width: 200px;\"><span style=\"font-size: 16px;\">\u00a0<\/span><\/td>\n<td style=\"width: 532px;\"><span style=\"font-size: 16px;\">\u00a0<\/span><\/td>\n<\/tr>\n<tr>\n<td style=\"width: 200px;\"><span style=\"font-size: 16px;\">Selbstbetreuung m\u00f6glich:<\/span><\/td>\n<td style=\"width: 532px;\"><span style=\"font-size: 16px;\">\u00a0ja<\/span><\/td>\n<\/tr>\n<tr>\n<td style=\"width: 200px;\"><span style=\"font-size: 16px;\">weitere Serviceleistungen:<\/span><\/td>\n<td style=\"width: 532px;\"><span style=\"font-size: 16px;\">\u00a0Liefer-, Teil- und Fullservice<\/span><\/td>\n<\/tr>\n<tr>\n<td style=\"width: 200px;\"><span style=\"font-size: 16px;\">Betreuung \/ Aufsicht:<br \/>\n<\/span><\/td>\n<td style=\"width: 532px;\"><span style=\"font-size: 16px;\">\u00a01\u00a0Betreuungspersonal\u00a0<\/span><\/td>\n<\/tr>\n<tr>\n<td style=\"width: 200px;\"><span style=\"font-size: 16px;\">\u00a0<\/span><\/td>\n<td style=\"width: 532px;\"><span style=\"font-size: 16px;\">\u00a0<\/span><\/td>\n<\/tr>\n<tr>\n<td style=\"width: 200px;\"><span style=\"font-size: 16px;\">Strombedarf:<\/span><\/td>\n<td style=\"width: 532px;\"><span style=\"font-size: 16px;\">\u00a0nein <\/span><\/td>\n<\/tr>\n<tr>\n<td style=\"width: 200px;\"><span style=\"font-size: 16px;\">Wasserbedarf:<\/span><\/td>\n<td style=\"width: 532px;\"><span style=\"font-size: 16px;\">\u00a0nein<\/span><\/td>\n<\/tr>\n<\/tbody>\n<\/table>\n<p>&nbsp;<\/p>\n","protected":false},"excerpt":{"rendered":"<p><span style=\"font-size: 12px; font-family: verdana,geneva,sans-serif;\"><strong>3 oben + 3 unten<\/strong><\/span><\/p>\n<p><span style=\"font-size: 12px; font-family: verdana,geneva,sans-serif;\">Reihen Sie sich ein in die Torsch\u00fctzenliste und landen sensationelle Treffer an unserer Torwand.<\/span><\/p>\n<p><span style=\"font-size: 12px; font-family: verdana,geneva,sans-serif;\">Drei unten und drei oben, so lautet dann die legend\u00e4re Aufforderung an Ihre G\u00e4ste, wenn sie auf die ber\u00fchmte Torwand schiessen sollen. Wir stellen Ihnen den &#8220;Fu\u00dfball Klassiker&#8221; als sportliche Herausforderung f\u00fcr Ihre Veranstaltung zur Verf\u00fcgung.<\/span><\/p>\n<p>&nbsp;<\/p>\n<p>&nbsp;<\/p>\n<p>&nbsp;<\/p>\n<p>&nbsp;<\/p>\n","protected":false},"featured_media":1353,"template":"","meta":[],"product_cat":[39,46,113,61,62,55],"product_tag":[],"_links":{"self":[{"href":"https:\/\/www.spielmobil-konz.de\/index.php?rest_route=\/wp\/v2\/product\/1131"}],"collection":[{"href":"https:\/\/www.spielmobil-konz.de\/index.php?rest_route=\/wp\/v2\/product"}],"about":[{"href":"https:\/\/www.spielmobil-konz.de\/index.php?rest_route=\/wp\/v2\/types\/product"}],"wp:featuredmedia":[{"embeddable":true,"href":"https:\/\/www.spielmobil-konz.de\/index.php?rest_route=\/wp\/v2\/media\/1353"}],"wp:attachment":[{"href":"https:\/\/www.spielmobil-konz.de\/index.php?rest_route=%2Fwp%2Fv2%2Fmedia&parent=1131"}],"wp:term":[{"taxonomy":"product_cat","embeddable":true,"href":"https:\/\/www.spielmobil-konz.de\/index.php?rest_route=%2Fwp%2Fv2%2Fproduct_cat&post=1131"},{"taxonomy":"product_tag","embeddable":true,"href":"https:\/\/www.spielmobil-konz.de\/index.php?rest_route=%2Fwp%2Fv2%2Fproduct_tag&post=1131"}],"curies":[{"name":"wp","href":"https:\/\/api.w.org\/{rel}","templated":true}]}}