{"id":1093,"date":"2016-03-08T10:33:38","date_gmt":"2016-03-08T10:33:38","guid":{"rendered":"http:\/\/www.spielmobil-konz.de\/?post_type=product&#038;p=1093"},"modified":"2022-09-18T01:46:30","modified_gmt":"2022-09-17T23:46:30","slug":"bungee-running-2","status":"publish","type":"product","link":"https:\/\/www.spielmobil-konz.de\/?product=bungee-running-2","title":{"rendered":"Bungee Running"},"content":{"rendered":"<table style=\"width: 748px; height: 220px;\">\n<tbody>\n<tr style=\"height: 24px;\">\n<td style=\"width: 200px;\"><span style=\"font-family: verdana,geneva,sans-serif; font-size: 14px;\">Equipment Set:<\/span><\/td>\n<td style=\"width: 532px;\"><span style=\"font-family: verdana,geneva,sans-serif; font-size: 14px;\">\u00a0aufblasbares Bungee-Run<\/span><\/td>\n<\/tr>\n<tr style=\"height: 24px;\">\n<td style=\"width: 200px;\"><span style=\"font-family: verdana,geneva,sans-serif; font-size: 14px;\">\u00a0<\/span><\/td>\n<td style=\"width: 532px;\"><span style=\"font-family: verdana,geneva,sans-serif; font-size: 14px;\">\u00a0Gebl\u00e4se, Gurte, Zugseile<\/span><\/td>\n<\/tr>\n<tr style=\"height: 24px;\">\n<td style=\"width: 200px;\"><span style=\"font-family: verdana,geneva,sans-serif; font-size: 14px;\">Platzbedarf:<\/span><\/td>\n<td style=\"width: 532px;\"><span style=\"font-family: verdana,geneva,sans-serif; font-size: 14px;\">\u00a06 x 14 x 3 m<\/span><\/td>\n<\/tr>\n<tr style=\"height: 24px;\">\n<td style=\"width: 200px;\"><span style=\"font-family: verdana,geneva,sans-serif; font-size: 14px;\">Untergrund:<\/span><\/td>\n<td style=\"width: 532px;\"><span style=\"font-family: verdana,geneva,sans-serif; font-size: 14px;\">\u00a0saubere, gerade und ebenerdige Fl\u00e4che<\/span><\/td>\n<\/tr>\n<tr style=\"height: 24px;\">\n<td style=\"width: 200px;\"><span style=\"font-family: verdana,geneva,sans-serif; font-size: 14px;\">Packma\u00df:<\/span><\/td>\n<td style=\"width: 532px;\"><span style=\"font-family: verdana,geneva,sans-serif; font-size: 14px;\">\u00a01 Europalette 120 x 80 x 80 + Zubeh\u00f6r<\/span><\/td>\n<\/tr>\n<tr style=\"height: 24px;\">\n<td style=\"width: 200px;\"><span style=\"font-family: verdana,geneva,sans-serif; font-size: 14px;\">Zielgruppe:<\/span><\/td>\n<td style=\"width: 532px;\"><span style=\"font-family: verdana,geneva,sans-serif; font-size: 14px;\">\u00a0Kinder \/ Jugendliche \/ Erwachsene <br \/>\n<\/span><\/td>\n<\/tr>\n<tr style=\"height: 24px;\">\n<td style=\"width: 200px;\"><span style=\"font-family: verdana,geneva,sans-serif; font-size: 14px;\">Altersgruppe:<\/span><\/td>\n<td style=\"width: 532px;\"><span style=\"font-family: verdana,geneva,sans-serif; font-size: 14px;\">\u00a0ab 6 &#8211; 99 Jahren<\/span><\/td>\n<\/tr>\n<tr style=\"height: 24px;\">\n<td style=\"width: 200px;\"><span style=\"font-family: verdana,geneva,sans-serif; font-size: 14px;\">Nutzer pro Std.<\/span><\/td>\n<td style=\"width: 532px;\"><span style=\"font-family: verdana,geneva,sans-serif; font-size: 14px;\">\u00a020 &#8211; 24 Personen<\/span><\/td>\n<\/tr>\n<tr style=\"height: 24px;\">\n<td style=\"width: 200px;\"><span style=\"font-family: verdana,geneva,sans-serif; font-size: 14px;\">Selbstbetreuung m\u00f6glich:<\/span><\/td>\n<td style=\"width: 532px;\"><span style=\"font-family: verdana,geneva,sans-serif; font-size: 14px;\">\u00a0ja<\/span><\/td>\n<\/tr>\n<tr style=\"height: 24px;\">\n<td style=\"width: 200px;\"><span style=\"font-family: verdana,geneva,sans-serif; font-size: 14px;\">Serviceleistungen:<\/span><\/td>\n<td style=\"width: 532px;\"><span style=\"font-family: verdana,geneva,sans-serif; font-size: 14px;\">\u00a0Selbstabholung, Liefer-, Teil- und Fullservice<\/span><\/td>\n<\/tr>\n<tr style=\"height: 24px;\">\n<td style=\"width: 200px;\"><span style=\"font-family: verdana,geneva,sans-serif; font-size: 14px;\">Personal:<\/span><\/td>\n<td style=\"width: 532px;\"><span style=\"font-family: verdana,geneva,sans-serif; font-size: 14px;\">\u00a01 Person zur Betreuung und Anleitung notwendig<br \/>\n<\/span><\/td>\n<\/tr>\n<tr style=\"height: 24px;\">\n<td style=\"width: 200px;\"><span style=\"font-family: verdana,geneva,sans-serif; font-size: 14px;\">Strombedarf:<\/span><\/td>\n<td style=\"width: 532px;\"><span style=\"font-family: verdana,geneva,sans-serif; font-size: 14px;\">\u00a0ja, 1 x 230V \/ 16A Anschluss notwendig<br \/>\n<\/span><\/td>\n<\/tr>\n<tr style=\"height: 24px;\">\n<td style=\"width: 200px;\"><span style=\"font-family: verdana,geneva,sans-serif; font-size: 14px;\">Wasserbedarf:<\/span><\/td>\n<td style=\"width: 532px;\"><span style=\"font-family: verdana,geneva,sans-serif; font-size: 14px;\">\u00a0nein<\/span><\/td>\n<\/tr>\n<\/tbody>\n<\/table>\n<p>&nbsp;<\/p>\n","protected":false},"excerpt":{"rendered":"<p><span style=\"font-size: 16px;\">Beim Bungee Running versuchen die L\u00e4ufer so schnell und so weit wie m\u00f6glich gegen den Widerstand eines Gummiseils zu laufen.<br \/>\n<\/span><span style=\"font-size: 16px;\"><br \/>\n<\/span><span style=\"font-size: 16px;\">Mit jedem Schritt wird die Zugkraft des Bungyseils st\u00e4rker, schlie\u00dflich l\u00e4sst es den L\u00e4ufer ins weiche Luftkissen zur\u00fcckschnellen.<br \/>\n<\/span><\/p>\n<p>&nbsp;<\/p>\n","protected":false},"featured_media":1253,"template":"","meta":[],"product_cat":[39,42,46,113,61,62,54],"product_tag":[],"_links":{"self":[{"href":"https:\/\/www.spielmobil-konz.de\/index.php?rest_route=\/wp\/v2\/product\/1093"}],"collection":[{"href":"https:\/\/www.spielmobil-konz.de\/index.php?rest_route=\/wp\/v2\/product"}],"about":[{"href":"https:\/\/www.spielmobil-konz.de\/index.php?rest_route=\/wp\/v2\/types\/product"}],"wp:featuredmedia":[{"embeddable":true,"href":"https:\/\/www.spielmobil-konz.de\/index.php?rest_route=\/wp\/v2\/media\/1253"}],"wp:attachment":[{"href":"https:\/\/www.spielmobil-konz.de\/index.php?rest_route=%2Fwp%2Fv2%2Fmedia&parent=1093"}],"wp:term":[{"taxonomy":"product_cat","embeddable":true,"href":"https:\/\/www.spielmobil-konz.de\/index.php?rest_route=%2Fwp%2Fv2%2Fproduct_cat&post=1093"},{"taxonomy":"product_tag","embeddable":true,"href":"https:\/\/www.spielmobil-konz.de\/index.php?rest_route=%2Fwp%2Fv2%2Fproduct_tag&post=1093"}],"curies":[{"name":"wp","href":"https:\/\/api.w.org\/{rel}","templated":true}]}}