{"id":1090,"date":"2016-03-08T10:10:24","date_gmt":"2016-03-08T10:10:24","guid":{"rendered":"http:\/\/www.spielmobil-konz.de\/?post_type=product&#038;p=1090"},"modified":"2022-09-16T00:08:59","modified_gmt":"2022-09-15T22:08:59","slug":"boxenstopp","status":"publish","type":"product","link":"https:\/\/www.spielmobil-konz.de\/?product=boxenstopp","title":{"rendered":"Boxenstopp"},"content":{"rendered":"<table style=\"width: 747px; height: 192px;\">\n<tbody>\n<tr>\n<td style=\"width: 200px;\"><span style=\"font-size: 16px;\">Equipment Set:<\/span><\/td>\n<td style=\"width: 531px;\"><span style=\"font-size: 16px;\">\u00a0aufblasbarer Parcours, 4 Karts, Gebl\u00e4se<\/span><\/td>\n<\/tr>\n<tr>\n<td style=\"width: 200px;\"><span style=\"font-size: 16px;\">Platzbedarf:<\/span><\/td>\n<td style=\"width: 531px;\"><span style=\"font-size: 16px;\">\u00a015 x 25 m<\/span><\/td>\n<\/tr>\n<tr>\n<td style=\"width: 200px;\"><span style=\"font-size: 16px;\">Zielgruppe:<\/span><\/td>\n<td style=\"width: 531px;\"><span style=\"font-size: 16px;\">\u00a0Kinder ab 6 Jahren<\/span><\/td>\n<\/tr>\n<tr>\n<td style=\"width: 200px;\"><span style=\"font-size: 16px;\">Anzahl Nutzer:<\/span><\/td>\n<td style=\"width: 531px;\"><span style=\"font-size: 16px;\">\u00a04\u00a0Spieler<\/span><\/td>\n<\/tr>\n<tr>\n<td style=\"width: 200px;\"><span style=\"font-size: 16px;\">Selbstbetrieb m\u00f6glich:<\/span><\/td>\n<td style=\"width: 531px;\"><span style=\"font-size: 16px;\">\u00a0ja<\/span><\/td>\n<\/tr>\n<tr>\n<td style=\"width: 200px;\"><span style=\"font-size: 16px;\">m\u00f6gliche\u00a0Serviceleistungen:<\/span><\/td>\n<td style=\"width: 531px;\"><span style=\"font-size: 16px;\">\u00a0Liefer-, Teil- und Fullservice<\/span><\/td>\n<\/tr>\n<tr>\n<td style=\"width: 200px;\"><span style=\"font-size: 16px;\">Betreuung \/ Aufsicht:<\/span><\/td>\n<td style=\"width: 531px;\"><span style=\"font-size: 16px;\">\u00a01\u00a0Person\u00a0<\/span><\/td>\n<\/tr>\n<tr>\n<td style=\"width: 200px;\"><span style=\"font-size: 16px;\">Strombedarf:<\/span><\/td>\n<td style=\"width: 531px;\"><span style=\"font-size: 16px;\">\u00a0230 V \/ 16 A<\/span><\/td>\n<\/tr>\n<tr>\n<td style=\"width: 200px;\"><span style=\"font-size: 16px;\">Wasserbedarf:<\/span><\/td>\n<td style=\"width: 531px;\"><span style=\"font-size: 16px;\">\u00a0nein<\/span><\/td>\n<\/tr>\n<\/tbody>\n<\/table>\n<p>&nbsp;<\/p>\n","protected":false},"excerpt":{"rendered":"<p><span style=\"font-size: 16px;\"><strong>Der Riesenspa\u00df f\u00fcr Gro\u00df und Klein!<\/strong><\/span><\/p>\n<p><span style=\"font-size: 16px;\">Gro\u00dfe und Kleine Flitzer haben Ihren Spa\u00df mit unseren coolen Tret-Go-Karts. B\u00e4renstark sowohl im Aussehen als auch auf der Rennstrecke.<\/span><\/p>\n<p>&nbsp;<\/p>\n<p>&nbsp;<\/p>\n<p>&nbsp;<\/p>\n","protected":false},"featured_media":1188,"template":"","meta":[],"product_cat":[39,46,113,61,62,54,57],"product_tag":[],"_links":{"self":[{"href":"https:\/\/www.spielmobil-konz.de\/index.php?rest_route=\/wp\/v2\/product\/1090"}],"collection":[{"href":"https:\/\/www.spielmobil-konz.de\/index.php?rest_route=\/wp\/v2\/product"}],"about":[{"href":"https:\/\/www.spielmobil-konz.de\/index.php?rest_route=\/wp\/v2\/types\/product"}],"wp:featuredmedia":[{"embeddable":true,"href":"https:\/\/www.spielmobil-konz.de\/index.php?rest_route=\/wp\/v2\/media\/1188"}],"wp:attachment":[{"href":"https:\/\/www.spielmobil-konz.de\/index.php?rest_route=%2Fwp%2Fv2%2Fmedia&parent=1090"}],"wp:term":[{"taxonomy":"product_cat","embeddable":true,"href":"https:\/\/www.spielmobil-konz.de\/index.php?rest_route=%2Fwp%2Fv2%2Fproduct_cat&post=1090"},{"taxonomy":"product_tag","embeddable":true,"href":"https:\/\/www.spielmobil-konz.de\/index.php?rest_route=%2Fwp%2Fv2%2Fproduct_tag&post=1090"}],"curies":[{"name":"wp","href":"https:\/\/api.w.org\/{rel}","templated":true}]}}