{"id":1059,"date":"2016-03-07T18:08:56","date_gmt":"2016-03-07T18:08:56","guid":{"rendered":"http:\/\/www.spielmobil-konz.de\/?post_type=product&#038;p=1059"},"modified":"2025-07-16T15:58:58","modified_gmt":"2025-07-16T13:58:58","slug":"huepfburg-fussball","status":"publish","type":"product","link":"https:\/\/www.spielmobil-konz.de\/?product=huepfburg-fussball","title":{"rendered":"H\u00fcpfburg &#8220;Fu\u00dfball&#8221; &#8211; Der Spa\u00df f\u00fcr kleine Kicker!"},"content":{"rendered":"<table style=\"width: 875px;\">\n<tbody>\n<tr style=\"height: 24px;\">\n<td style=\"width: 225px; height: 24px;\"><span style=\"font-family: arial,helvetica,sans-serif; font-size: 14px;\">Equipment Set:<\/span><\/td>\n<td style=\"height: 24px; width: 545.067px;\"><span style=\"font-family: arial,helvetica,sans-serif; font-size: 14px;\">\u00a0aufblasbare H\u00fcpfburg, Gebl\u00e4se, Unterlegplane, Gewichte<\/span><\/td>\n<td style=\"height: 24px; width: 7.93333px;\"><span style=\"font-family: arial,helvetica,sans-serif; font-size: 14px;\">\u00a0<\/span><\/td>\n<\/tr>\n<tr style=\"height: 24px;\">\n<td style=\"height: 24px; width: 225px;\"><span style=\"font-family: arial,helvetica,sans-serif; font-size: 14px;\">Platzbedarf:<\/span><\/td>\n<td style=\"height: 24px; width: 545.067px;\"><span style=\"font-family: arial,helvetica,sans-serif; font-size: 14px;\">\u00a06 x 6 m<\/span><\/td>\n<td style=\"height: 24px; width: 7.93333px;\"><span style=\"font-family: arial,helvetica,sans-serif; font-size: 14px;\">\u00a0<\/span><\/td>\n<\/tr>\n<tr style=\"height: 24px;\">\n<td style=\"height: 24px; width: 225px;\"><span style=\"font-family: arial,helvetica,sans-serif; font-size: 14px;\">Gr\u00f6\u00dfe:<\/span><\/td>\n<td style=\"height: 24px; width: 545.067px;\"><span style=\"font-family: arial,helvetica,sans-serif; font-size: 14px;\">\u00a04 x 4 m<\/span><\/td>\n<td style=\"height: 24px; width: 7.93333px;\"><span style=\"font-family: arial,helvetica,sans-serif; font-size: 14px;\">\u00a0<\/span><\/td>\n<\/tr>\n<tr style=\"height: 24px;\">\n<td style=\"height: 24px; width: 225px;\"><span style=\"font-family: arial,helvetica,sans-serif; font-size: 14px;\">Gewicht:<\/span><\/td>\n<td style=\"height: 24px; width: 545.067px;\"><span style=\"font-family: arial,helvetica,sans-serif; font-size: 14px;\">\u00a0125 kg<\/span><\/td>\n<td style=\"height: 24px; width: 7.93333px;\"><span style=\"font-family: arial,helvetica,sans-serif; font-size: 14px;\">\u00a0<\/span><\/td>\n<\/tr>\n<tr style=\"height: 24px;\">\n<td style=\"height: 24px; width: 225px;\"><span style=\"font-family: arial,helvetica,sans-serif; font-size: 14px;\">Zielgruppe:<\/span><\/td>\n<td style=\"height: 24px; width: 545.067px;\"><span style=\"font-family: arial,helvetica,sans-serif; font-size: 14px;\">\u00a0Jugendliche \/ Erwachsene<\/span><\/td>\n<td style=\"height: 24px; width: 7.93333px;\"><span style=\"font-family: arial,helvetica,sans-serif; font-size: 14px;\">\u00a0<\/span><\/td>\n<\/tr>\n<tr style=\"height: 24px;\">\n<td style=\"height: 24px; width: 225px;\"><span style=\"font-family: arial,helvetica,sans-serif; font-size: 14px;\">Anzahl Nutzer:<\/span><\/td>\n<td style=\"height: 24px; width: 545.067px;\"><span style=\"font-family: arial,helvetica,sans-serif; font-size: 14px;\">\u00a08 &#8211; 10 Spieler\/innen<\/span><\/td>\n<td style=\"height: 24px; width: 7.93333px;\"><span style=\"font-family: arial,helvetica,sans-serif; font-size: 14px;\">\u00a0<\/span><\/td>\n<\/tr>\n<tr style=\"height: 24px;\">\n<td style=\"height: 24px; width: 225px;\"><span style=\"font-family: arial,helvetica,sans-serif; font-size: 14px;\">Betreuung:<\/span><\/td>\n<td style=\"height: 24px; width: 545.067px;\"><span style=\"font-family: arial,helvetica,sans-serif; font-size: 14px;\">\u00a0mind. 1 Betreuungsperson<\/span><\/td>\n<td style=\"height: 24px; width: 7.93333px;\"><span style=\"font-family: arial,helvetica,sans-serif; font-size: 14px;\">\u00a0<\/span><\/td>\n<\/tr>\n<tr style=\"height: 24px;\">\n<td style=\"height: 24px; width: 225px;\"><span style=\"font-family: arial,helvetica,sans-serif; font-size: 14px;\">Selbstbetreuung m\u00f6glich:<\/span><\/td>\n<td style=\"height: 24px; width: 545.067px;\"><span style=\"font-family: arial,helvetica,sans-serif; font-size: 14px;\">\u00a0ja<\/span><\/td>\n<td style=\"height: 24px; width: 7.93333px;\"><span style=\"font-family: arial,helvetica,sans-serif; font-size: 14px;\">\u00a0<\/span><\/td>\n<\/tr>\n<tr style=\"height: 24px;\">\n<td style=\"height: 24px; width: 225px;\"><span style=\"font-family: arial,helvetica,sans-serif; font-size: 14px;\">Transportumfang:<\/span><\/td>\n<td style=\"height: 24px; width: 545.067px;\"><span style=\"font-family: arial,helvetica,sans-serif; font-size: 14px;\">\u00a01 Europalette ( 1200 x 800 x 1000 mm)<\/span><\/td>\n<td style=\"height: 24px; width: 7.93333px;\"><span style=\"font-family: arial,helvetica,sans-serif; font-size: 14px;\">\u00a0<\/span><\/td>\n<\/tr>\n<tr style=\"height: 24px;\">\n<td style=\"height: 24px; width: 225px;\"><span style=\"font-family: arial,helvetica,sans-serif; font-size: 14px;\">sonstige Serviceleistungen:<\/span><\/td>\n<td style=\"height: 24px; width: 545.067px;\"><span style=\"font-family: arial,helvetica,sans-serif; font-size: 14px;\">\u00a0Liefer-, Teil- und Fullservice\u00a0buchbar<\/span><\/td>\n<td style=\"height: 24px; width: 7.93333px;\"><span style=\"font-family: arial,helvetica,sans-serif; font-size: 14px;\">\u00a0<\/span><\/td>\n<\/tr>\n<tr style=\"height: 24px;\">\n<td style=\"height: 24px; width: 225px;\"><span style=\"font-family: arial,helvetica,sans-serif; font-size: 14px;\">Strombedarf:<\/span><\/td>\n<td style=\"height: 24px; width: 545.067px;\"><span style=\"font-family: arial,helvetica,sans-serif; font-size: 14px;\">\u00a0230 V \/ 16 A<\/span><\/td>\n<td style=\"height: 24px; width: 7.93333px;\"><span style=\"font-family: arial,helvetica,sans-serif; font-size: 14px;\">\u00a0<\/span><\/td>\n<\/tr>\n<tr style=\"height: 24px;\">\n<td style=\"height: 24px; width: 225px;\"><span style=\"font-family: arial,helvetica,sans-serif; font-size: 14px;\">Wasserbedarf:<\/span><\/td>\n<td style=\"height: 24px; width: 545.067px;\"><span style=\"font-family: arial,helvetica,sans-serif; font-size: 14px;\">\u00a0nein<\/span><\/td>\n<td style=\"height: 24px; width: 7.93333px;\"><span style=\"font-family: arial,helvetica,sans-serif; font-size: 14px;\">\u00a0<\/span><\/td>\n<\/tr>\n<tr style=\"height: 24px;\">\n<td style=\"height: 24px; width: 776.067px;\" colspan=\"2\">\n<hr \/>\n<\/td>\n<td style=\"height: 24px; width: 7.93333px;\">\u00a0<\/td>\n<\/tr>\n<\/tbody>\n<\/table>\n","protected":false},"excerpt":{"rendered":"<p>Ideal f\u00fcr Sportfeste, Vereinsfeiern und Kindergeburtstage. In dieser H\u00fcpfburg im Fu\u00dfball-Look k\u00f6nnen Kinder sich sicher austoben und spielerisch ihre Energie rauslassen.<\/p>\n<p>&nbsp;<\/p>\n","protected":false},"featured_media":1063,"template":"","meta":[],"product_cat":[42,46,65,55],"product_tag":[69,71,78],"_links":{"self":[{"href":"https:\/\/www.spielmobil-konz.de\/index.php?rest_route=\/wp\/v2\/product\/1059"}],"collection":[{"href":"https:\/\/www.spielmobil-konz.de\/index.php?rest_route=\/wp\/v2\/product"}],"about":[{"href":"https:\/\/www.spielmobil-konz.de\/index.php?rest_route=\/wp\/v2\/types\/product"}],"wp:featuredmedia":[{"embeddable":true,"href":"https:\/\/www.spielmobil-konz.de\/index.php?rest_route=\/wp\/v2\/media\/1063"}],"wp:attachment":[{"href":"https:\/\/www.spielmobil-konz.de\/index.php?rest_route=%2Fwp%2Fv2%2Fmedia&parent=1059"}],"wp:term":[{"taxonomy":"product_cat","embeddable":true,"href":"https:\/\/www.spielmobil-konz.de\/index.php?rest_route=%2Fwp%2Fv2%2Fproduct_cat&post=1059"},{"taxonomy":"product_tag","embeddable":true,"href":"https:\/\/www.spielmobil-konz.de\/index.php?rest_route=%2Fwp%2Fv2%2Fproduct_tag&post=1059"}],"curies":[{"name":"wp","href":"https:\/\/api.w.org\/{rel}","templated":true}]}}