{"id":1037,"date":"2016-03-07T16:46:36","date_gmt":"2016-03-07T16:46:36","guid":{"rendered":"http:\/\/www.spielmobil-konz.de\/?post_type=product&#038;p=1037"},"modified":"2022-09-16T00:12:11","modified_gmt":"2022-09-15T22:12:11","slug":"bungee-trampolin-anlage","status":"publish","type":"product","link":"https:\/\/www.spielmobil-konz.de\/?product=bungee-trampolin-anlage","title":{"rendered":"Bungee Trampolin"},"content":{"rendered":"<table style=\"width: 750px;\">\n<tbody>\n<tr>\n<td style=\"width: 224px;\"><span style=\"font-size: 16px;\">Equipment:<\/span><\/td>\n<td style=\"width: 510px;\"><span style=\"font-size: 16px;\">\u00a0mobile\u00a0Bungee Trampolin Anlage<\/span><\/td>\n<\/tr>\n<tr>\n<td style=\"width: 224px;\"><span style=\"font-size: 16px;\">\u00a0<\/span><\/td>\n<td style=\"width: 510px;\"><span style=\"font-size: 16px;\">\u00a02er Anlage<\/span><\/td>\n<\/tr>\n<tr>\n<td style=\"width: 224px;\"><span style=\"font-size: 16px;\">\u00a0<\/span><\/td>\n<td style=\"width: 510px;\"><span style=\"font-size: 16px;\">\u00a0Profipavillion<\/span><\/td>\n<\/tr>\n<tr>\n<td style=\"width: 224px;\"><span style=\"font-size: 16px;\">Platzbedarf:<\/span><\/td>\n<td style=\"width: 510px;\"><span style=\"font-size: 16px;\">\u00a010 x 12 m<\/span><\/td>\n<\/tr>\n<tr>\n<td style=\"width: 224px;\"><span style=\"font-size: 16px;\">Untergrund der Fl\u00e4che:<\/span><\/td>\n<td style=\"width: 510px;\"><span style=\"font-size: 16px;\">\u00a0saubere und ebenerdige Fl\u00e4che<\/span><\/td>\n<\/tr>\n<tr>\n<td style=\"width: 224px;\"><span style=\"font-size: 16px;\">Zielgruppe:<\/span><\/td>\n<td style=\"width: 510px;\"><span style=\"font-size: 16px;\">\u00a0Kinder \/ Jugendliche ab\u00a06 Jahren<\/span><\/td>\n<\/tr>\n<tr>\n<td style=\"width: 224px;\"><span style=\"font-size: 16px;\">Anzahl Nutzer:<\/span><\/td>\n<td style=\"width: 510px;\"><span style=\"font-size: 16px;\">\u00a02\u00a0Teilnehmer gleichzeitig<\/span><\/td>\n<\/tr>\n<tr>\n<td style=\"width: 224px;\"><span style=\"font-size: 16px;\">Nutzungsvoraussetzung:<\/span><\/td>\n<td style=\"width: 510px;\"><span style=\"font-size: 16px;\">\u00a0zur Nutzung ist ein Mindesgewicht von 30 kg notwendig!<\/span><\/td>\n<\/tr>\n<tr>\n<td style=\"width: 224px;\"><span style=\"font-size: 16px;\">Personal:<\/span><\/td>\n<td style=\"width: 510px;\"><span style=\"font-size: 16px;\">\u00a0mind.\u00a02 Betreuungspersonen<\/span><\/td>\n<\/tr>\n<tr>\n<td style=\"width: 224px;\"><span style=\"font-size: 16px;\">Selbstbetreuung m\u00f6glich:<\/span><\/td>\n<td style=\"width: 510px;\"><span style=\"font-size: 16px;\">\u00a0nein<\/span><\/td>\n<\/tr>\n<tr>\n<td style=\"width: 224px;\"><span style=\"font-size: 16px;\">Transportumfang:<\/span><\/td>\n<td style=\"width: 510px;\"><span style=\"font-size: 16px;\">\u00a0Anh\u00e4ngeranlage<\/span><\/td>\n<\/tr>\n<tr>\n<td style=\"width: 224px;\"><span style=\"font-size: 16px;\">sonstige Serviceleistungen:<\/span><\/td>\n<td style=\"width: 510px;\"><span style=\"font-size: 16px;\">\u00a0nur als Fullservice\u00a0buchbar<\/span><\/td>\n<\/tr>\n<tr>\n<td style=\"width: 224px;\"><span style=\"font-size: 16px;\">Strombedarf:<\/span><\/td>\n<td style=\"width: 510px;\"><span style=\"font-size: 16px;\">\u00a0230 V \/ 16 A<\/span><\/td>\n<\/tr>\n<\/tbody>\n<\/table>\n<p>&nbsp;<\/p>\n","protected":false},"excerpt":{"rendered":"<p><strong><span style=\"font-size: 16px;\">Wir bringen Bewegung auf Ihr Event!<\/span><\/strong><\/p>\n<p><span style=\"font-size: 16px;\">Auf dem Bungeetrampolin sind gefahrlos Spr\u00fcnge bis zu 9 m H\u00f6he m\u00f6glich und es k\u00f6nnen Salti &#8211; auch von Unge\u00fcbten\u00a0 ohne Probleme gesprungen werden.<\/span><\/p>\n<p>&nbsp;<\/p>\n<p>&nbsp;<\/p>\n<p>&nbsp;<\/p>\n","protected":false},"featured_media":1039,"template":"","meta":[],"product_cat":[39,46,113,62,54],"product_tag":[74,75],"_links":{"self":[{"href":"https:\/\/www.spielmobil-konz.de\/index.php?rest_route=\/wp\/v2\/product\/1037"}],"collection":[{"href":"https:\/\/www.spielmobil-konz.de\/index.php?rest_route=\/wp\/v2\/product"}],"about":[{"href":"https:\/\/www.spielmobil-konz.de\/index.php?rest_route=\/wp\/v2\/types\/product"}],"wp:featuredmedia":[{"embeddable":true,"href":"https:\/\/www.spielmobil-konz.de\/index.php?rest_route=\/wp\/v2\/media\/1039"}],"wp:attachment":[{"href":"https:\/\/www.spielmobil-konz.de\/index.php?rest_route=%2Fwp%2Fv2%2Fmedia&parent=1037"}],"wp:term":[{"taxonomy":"product_cat","embeddable":true,"href":"https:\/\/www.spielmobil-konz.de\/index.php?rest_route=%2Fwp%2Fv2%2Fproduct_cat&post=1037"},{"taxonomy":"product_tag","embeddable":true,"href":"https:\/\/www.spielmobil-konz.de\/index.php?rest_route=%2Fwp%2Fv2%2Fproduct_tag&post=1037"}],"curies":[{"name":"wp","href":"https:\/\/api.w.org\/{rel}","templated":true}]}}