{"id":1678,"date":"2016-05-12T19:00:17","date_gmt":"2016-05-12T19:00:17","guid":{"rendered":"http:\/\/www.spielmobil-konz.de\/?page_id=1678"},"modified":"2017-12-19T15:59:46","modified_gmt":"2017-12-19T14:59:46","slug":"jugendnetzwerk-eroeffnet-neue-zentrale-lagerhalle-fuer-spielmobil","status":"publish","type":"page","link":"https:\/\/www.spielmobil-konz.de\/?page_id=1678","title":{"rendered":"Jugendnetzwerk er\u00f6ffnet neue zentrale Lagerhalle f\u00fcr Spielmobil"},"content":{"rendered":"<table style=\"width: 678px;\">\n<tbody>\n<tr style=\"height: 25px;\">\n<td style=\"height: 16px; text-align: left;\"><span style=\"color: #808080;\"><strong>Das Jugendnetzwerk Konz und Verteter der Verwaltung haben im Gewerbegebiet in Konz-K\u00f6nen eine zentrale Lagerhalle er\u00f6ffnet. Hier werden die Materialien des feuerroten Spielmobils gelagert.<\/strong><\/span><\/td>\n<\/tr>\n<tr style=\"height: 56px;\">\n<td style=\"height: 56px;\"><div id=\"attachment_1682\" style=\"width: 795px\" class=\"wp-caption alignnone\"><img loading=\"lazy\" decoding=\"async\" aria-describedby=\"caption-attachment-1682\" class=\"wp-image-1682 size-full\" src=\"http:\/\/www.spielmobil-konz.de\/wp-content\/uploads\/2016\/05\/Rundschau_110615.jpg\" alt=\"Rundschau_110615\" width=\"785\" height=\"524\" srcset=\"https:\/\/www.spielmobil-konz.de\/wp-content\/uploads\/2016\/05\/Rundschau_110615.jpg 785w, https:\/\/www.spielmobil-konz.de\/wp-content\/uploads\/2016\/05\/Rundschau_110615-250x167.jpg 250w, https:\/\/www.spielmobil-konz.de\/wp-content\/uploads\/2016\/05\/Rundschau_110615-300x200.jpg 300w, https:\/\/www.spielmobil-konz.de\/wp-content\/uploads\/2016\/05\/Rundschau_110615-768x513.jpg 768w\" sizes=\"(max-width: 785px) 100vw, 785px\" \/><p id=\"caption-attachment-1682\" class=\"wp-caption-text\">Foto: Spielmobil Konz<\/p><\/div><\/td>\n<\/tr>\n<tr style=\"height: 56px;\">\n<td>\n<div><strong>Konz.<\/strong> Zahlreiche G\u00e4ste, Mitarbeiter und Freunde des Spielmobils sind gekommen, um in der neuen zentralen Lagerhalle mehr \u00fcber das Projekt &#8220;feuerrotes Spielmobil&#8221; zu erfahren. In der Halle ist jetzt Zubeh\u00f6r gelagert, mit dem das Jugendnetzwerk seine Spielfeste und -aktionen ausrichtet. Bisher war das Zubeh\u00f6r an mehreren Standorten in Konz gelagert. Damit ist jetzt Schluss. Die Stadt Konz hat die Fl\u00e4che zur Verf\u00fcgung gestellt, und das Jugendnetzwerk Konz (Junetko) hat laut Gesch\u00e4ftsf\u00fchrer Dietmar Grundheber rund 375 000 Euro investiert, um die Halle zu bauen. Das Geld stammt aus den Einnahmen von Vermietungen des Gro\u00dfspielzeugs.<\/div>\n<div>Denn der Verein Junetko ist nicht nur bei gro\u00dfen Spielfesten wie zum Beispiel in Konz oder am Trierer Petrisberg aktiv, sondern vermietet sein Zubeh\u00f6r auch an Firmen oder andere Vereine. Mit seinem Spielzeug von der Kettcar-Rennbahn bis zur Kistenrutsche begeistert er jedes Jahr mehrere Tausend Kinder. 100 Vereine, Firmen und Verb\u00e4nde nutzen die Spielideen und das Zubeh\u00f6r des Spielmobils bei etwa 150 Veranstaltungen im Jahr.<\/div>\n<div>Das Spielmobil ist damit in der Region Trier ein einmaliges spielp\u00e4dagogisches Angebot. An den Wochentagen unterst\u00fctzt das Junetko die kommunalen Jugendpflegen mit Spielaktionen in den D\u00f6rfern und St\u00e4dten im Kreis Trier-Saarburg und hilft, familienfreundliche Angebote umzusetzen. Der Grundstein des Projekts wurde bereits 1994 durch die Einrichtung eines Spieleverleihs im Haus der Jugend in Konz gelegt. In den ersten Jahren konzentrierte sich das Junetko auf den Verleihservice und erst in den Folgejahren nahm das Projekt mit der Einf\u00fchrung von Spielaktionen in den Konzer Stadtteilen und den umliegenden D\u00f6rfern Fahrt auf. Danach entwickelte sich das Angebot weiter und dehnte sich auf andere Verbandsgemeinden und auf Unternehmen aus, die ebenfalls Interesse an den Gro\u00dfspielger\u00e4ten hatten. red<\/div>\n<\/td>\n<\/tr>\n<tr style=\"height: 56px;\">\n<td>\u00a0<\/td>\n<\/tr>\n<tr style=\"height: 56px;\">\n<td>\n<div style=\"text-align: left;\">Trierischer Volksfreund vom 03.06.2015<\/div>\n<\/td>\n<\/tr>\n<\/tbody>\n<\/table>\n<p>&nbsp;<\/p>\n","protected":false},"excerpt":{"rendered":"<p>Das Jugendnetzwerk Konz und Verteter der Verwaltung haben im Gewerbegebiet in Konz-K\u00f6nen eine zentrale Lagerhalle er\u00f6ffnet. Hier werden die Materialien des feuerroten Spielmobils gelagert. Konz. Zahlreiche G\u00e4ste, Mitarbeiter und Freunde des Spielmobils sind gekommen, um in der neuen zentralen Lagerhalle mehr \u00fcber das Projekt &#8220;feuerrotes Spielmobil&#8221; zu erfahren. In der Halle ist jetzt Zubeh\u00f6r gelagert, [&hellip;]<\/p>\n","protected":false},"author":4,"featured_media":0,"parent":238,"menu_order":2,"comment_status":"closed","ping_status":"closed","template":"","meta":{"footnotes":""},"_links":{"self":[{"href":"https:\/\/www.spielmobil-konz.de\/index.php?rest_route=\/wp\/v2\/pages\/1678"}],"collection":[{"href":"https:\/\/www.spielmobil-konz.de\/index.php?rest_route=\/wp\/v2\/pages"}],"about":[{"href":"https:\/\/www.spielmobil-konz.de\/index.php?rest_route=\/wp\/v2\/types\/page"}],"author":[{"embeddable":true,"href":"https:\/\/www.spielmobil-konz.de\/index.php?rest_route=\/wp\/v2\/users\/4"}],"replies":[{"embeddable":true,"href":"https:\/\/www.spielmobil-konz.de\/index.php?rest_route=%2Fwp%2Fv2%2Fcomments&post=1678"}],"version-history":[{"count":1,"href":"https:\/\/www.spielmobil-konz.de\/index.php?rest_route=\/wp\/v2\/pages\/1678\/revisions"}],"predecessor-version":[{"id":2203,"href":"https:\/\/www.spielmobil-konz.de\/index.php?rest_route=\/wp\/v2\/pages\/1678\/revisions\/2203"}],"up":[{"embeddable":true,"href":"https:\/\/www.spielmobil-konz.de\/index.php?rest_route=\/wp\/v2\/pages\/238"}],"wp:attachment":[{"href":"https:\/\/www.spielmobil-konz.de\/index.php?rest_route=%2Fwp%2Fv2%2Fmedia&parent=1678"}],"curies":[{"name":"wp","href":"https:\/\/api.w.org\/{rel}","templated":true}]}}